{"id":404,"date":"2022-03-29T16:05:24","date_gmt":"2022-03-29T19:05:24","guid":{"rendered":"https:\/\/www.hospitalbarrosluco.gob.cl\/dgti\/?page_id=404"},"modified":"2022-05-24T18:51:18","modified_gmt":"2022-05-24T21:51:18","slug":"que-es-nexo","status":"publish","type":"page","link":"https:\/\/www.hospitalbarrosluco.gob.cl\/dgti\/que-es-nexo\/","title":{"rendered":"Que es NEXO"},"content":{"rendered":"\n<figure class=\"wp-block-image size-full\"><img loading=\"lazy\" width=\"500\" height=\"50\" src=\"https:\/\/www.hospitalbarrosluco.gob.cl\/dgti\/wp-content\/uploads\/2022\/05\/BarraQueEsNexo.png\" alt=\"\" class=\"wp-image-1043\" srcset=\"https:\/\/www.hospitalbarrosluco.gob.cl\/dgti\/wp-content\/uploads\/2022\/05\/BarraQueEsNexo.png 500w, https:\/\/www.hospitalbarrosluco.gob.cl\/dgti\/wp-content\/uploads\/2022\/05\/BarraQueEsNexo-300x30.png 300w\" sizes=\"(max-width: 500px) 100vw, 500px\" \/><\/figure>\n\n\n\n<p>NEXO es el nombre de la Estrategia Digital del Hospital Barros Luco Trudeau adoptada por el Depto. de Gesti\u00f3n en Tecnolog\u00edas de la Informaci\u00f3n &#8220;DGTI&#8221;.<\/p>\n\n\n\n<div class=\"wp-block-image\"><figure class=\"aligncenter size-full\"><img loading=\"lazy\" width=\"366\" height=\"278\" src=\"https:\/\/www.hospitalbarrosluco.gob.cl\/dgti\/wp-content\/uploads\/2022\/05\/Circulo-Virtuoso-Nexo2.png\" alt=\"\" class=\"wp-image-1044\" srcset=\"https:\/\/www.hospitalbarrosluco.gob.cl\/dgti\/wp-content\/uploads\/2022\/05\/Circulo-Virtuoso-Nexo2.png 366w, https:\/\/www.hospitalbarrosluco.gob.cl\/dgti\/wp-content\/uploads\/2022\/05\/Circulo-Virtuoso-Nexo2-300x228.png 300w\" sizes=\"(max-width: 366px) 100vw, 366px\" \/><\/figure><\/div>\n\n\n\n<p>Esta estrategia engloba a todos los proyectos de informatizaci\u00f3n planificados en conjunto con la Direcci\u00f3n del Hospital, buscando fortalecer la seguridad y eficiencia en los distintos procesos cl\u00ednicos y administrativos, mejorando la oportunidad en el acceso a la informaci\u00f3n, optimizando la atenci\u00f3n integral del paciente con la ayuda de las herramientas tecnol\u00f3gicas.<\/p>\n\n\n\n<div class=\"wp-block-image\"><figure class=\"aligncenter size-full is-resized\"><img loading=\"lazy\" src=\"https:\/\/www.hospitalbarrosluco.gob.cl\/dgti\/wp-content\/uploads\/2022\/05\/Circulo-Virtuoso-Nexo1.png\" alt=\"\" class=\"wp-image-1045\" width=\"561\" height=\"549\" srcset=\"https:\/\/www.hospitalbarrosluco.gob.cl\/dgti\/wp-content\/uploads\/2022\/05\/Circulo-Virtuoso-Nexo1.png 748w, https:\/\/www.hospitalbarrosluco.gob.cl\/dgti\/wp-content\/uploads\/2022\/05\/Circulo-Virtuoso-Nexo1-300x294.png 300w, https:\/\/www.hospitalbarrosluco.gob.cl\/dgti\/wp-content\/uploads\/2022\/05\/Circulo-Virtuoso-Nexo1-660x646.png 660w\" sizes=\"(max-width: 561px) 100vw, 561px\" \/><\/figure><\/div>\n\n\n\n<p>El objetivo se centra en el paciente, buscando el equilibrio entre usabilidad para los funcionarios y claridad en la entrega de informaci\u00f3n a las personas que se atienden en el hospital.<\/p>\n\n\n\n<figure class=\"wp-block-image size-full\"><img loading=\"lazy\" width=\"500\" height=\"50\" src=\"https:\/\/www.hospitalbarrosluco.gob.cl\/dgti\/wp-content\/uploads\/2022\/05\/BarraQueEsNexo2.png\" alt=\"\" class=\"wp-image-1046\" srcset=\"https:\/\/www.hospitalbarrosluco.gob.cl\/dgti\/wp-content\/uploads\/2022\/05\/BarraQueEsNexo2.png 500w, https:\/\/www.hospitalbarrosluco.gob.cl\/dgti\/wp-content\/uploads\/2022\/05\/BarraQueEsNexo2-300x30.png 300w\" sizes=\"(max-width: 500px) 100vw, 500px\" \/><\/figure>\n\n\n\n<p>Trabajamos en el desarrollo de sistemas con la metodolog\u00eda de trabajo \u00e1gil que considera los siguientes aspectos como pilares:<\/p>\n\n\n\n<p><strong>Transparencia<\/strong><br>Todos los aspectos relativos del proceso deben ser visibles a los responsables del resultado. El equipo completo conoce el avance de los proyectos.<\/p>\n\n\n\n<p><strong>Inspecci\u00f3n<\/strong><br>Revisi\u00f3n frecuentes y constante de los productos y el progreso de los mismos, para identificar y corregir a tiempo variaciones.<\/p>\n\n\n\n<p><strong>Adaptaci\u00f3n<\/strong><br>Generaci\u00f3n de ajustes al producto, seg\u00fan la necesidad del entorno con el menor impacto posible.<\/p>\n\n\n\n<div style=\"height:80px\" aria-hidden=\"true\" class=\"wp-block-spacer\"><\/div>\n","protected":false},"excerpt":{"rendered":"<p>NEXO es el nombre de la Estrategia Digital del Hospital Barros Luco Trudeau adoptada por el Depto. de Gesti\u00f3n en Tecnolog\u00edas de la Informaci\u00f3n &#8220;DGTI&#8221;. Esta estrategia engloba a todos los proyectos de informatizaci\u00f3n planificados en conjunto con la Direcci\u00f3n del Hospital, buscando fortalecer la seguridad y eficiencia en los distintos procesos cl\u00ednicos y administrativos, [&hellip;]<\/p>\n","protected":false},"author":4,"featured_media":405,"parent":0,"menu_order":0,"comment_status":"closed","ping_status":"closed","template":"","meta":[],"featured_image_src":"https:\/\/www.hospitalbarrosluco.gob.cl\/dgti\/wp-content\/uploads\/2022\/03\/ForFotoCutTituloQueEsNEXOb660x220px.png","featured_image_src_square":"https:\/\/www.hospitalbarrosluco.gob.cl\/dgti\/wp-content\/uploads\/2022\/03\/ForFotoCutTituloQueEsNEXOb660x220px.png","_links":{"self":[{"href":"https:\/\/www.hospitalbarrosluco.gob.cl\/dgti\/wp-json\/wp\/v2\/pages\/404"}],"collection":[{"href":"https:\/\/www.hospitalbarrosluco.gob.cl\/dgti\/wp-json\/wp\/v2\/pages"}],"about":[{"href":"https:\/\/www.hospitalbarrosluco.gob.cl\/dgti\/wp-json\/wp\/v2\/types\/page"}],"author":[{"embeddable":true,"href":"https:\/\/www.hospitalbarrosluco.gob.cl\/dgti\/wp-json\/wp\/v2\/users\/4"}],"replies":[{"embeddable":true,"href":"https:\/\/www.hospitalbarrosluco.gob.cl\/dgti\/wp-json\/wp\/v2\/comments?post=404"}],"version-history":[{"count":7,"href":"https:\/\/www.hospitalbarrosluco.gob.cl\/dgti\/wp-json\/wp\/v2\/pages\/404\/revisions"}],"predecessor-version":[{"id":1052,"href":"https:\/\/www.hospitalbarrosluco.gob.cl\/dgti\/wp-json\/wp\/v2\/pages\/404\/revisions\/1052"}],"wp:featuredmedia":[{"embeddable":true,"href":"https:\/\/www.hospitalbarrosluco.gob.cl\/dgti\/wp-json\/wp\/v2\/media\/405"}],"wp:attachment":[{"href":"https:\/\/www.hospitalbarrosluco.gob.cl\/dgti\/wp-json\/wp\/v2\/media?parent=404"}],"curies":[{"name":"wp","href":"https:\/\/api.w.org\/{rel}","templated":true}]}}