{"id":718,"date":"2022-05-06T17:17:20","date_gmt":"2022-05-06T20:17:20","guid":{"rendered":"https:\/\/www.hospitalbarrosluco.gob.cl\/dgti\/?page_id=718"},"modified":"2026-02-13T20:33:51","modified_gmt":"2026-02-13T23:33:51","slug":"politicas-de-seguridad-de-la-informacion","status":"publish","type":"page","link":"https:\/\/www.hospitalbarrosluco.gob.cl\/dgti\/politicas-de-seguridad-de-la-informacion\/","title":{"rendered":"Pol\u00edticas de seguridad de la informaci\u00f3n"},"content":{"rendered":"\n<p>El Comit\u00e9 Directivo de Seguridad de la Informaci\u00f3n, a revisado y aprobado la actualizaci\u00f3n y evoluci\u00f3n de las \u201cPol\u00edticas de Seguridad de la informaci\u00f3n del Hospital Barros Luco Trudeau\u201d.<\/p>\n\n\n\n<p>\u00bfCu\u00e1l es el prop\u00f3sito de las pol\u00edticas de seguridad?<br>El prop\u00f3sito de las Pol\u00edticas de Seguridad de la Informaci\u00f3n, es ayudarnos a saber c\u00f3mo debemos actuar para proteger la informaci\u00f3n de los pacientes, funcionarios y de nuestra instituci\u00f3n.<br>Estas pol\u00edticas de seguridad de la informaci\u00f3n, as\u00ed como, los procedimientos asociados, han sido desarrolladas bajo la legislaci\u00f3n chilena y la norma nacional NCh-ISO 27002.<\/p>\n\n\n\n<p>\u00bfQu\u00e9 pol\u00edticas de seguridad de la informaci\u00f3n se encuentran vigentes en nuestra instituci\u00f3n? <\/p>\n\n\n\n<p>A continuaci\u00f3n puede revisar y leer cada una de ellas para informarse.<\/p>\n\n\n\n<div class=\"wp-block-atomic-blocks-ab-accordion ab-block-accordion\"><details><summary class=\"ab-accordion-title\"><strong>Pol\u00edtica General de Seguridad de la Informaci\u00f3n y Ciberseguridad<\/strong> <em>(clic para abrir)<\/em><\/summary><div class=\"ab-accordion-text\">\n<p>El prop\u00f3sito de esta Pol\u00edtica General de Seguridad de la Informaci\u00f3n y Ciberseguridad es proteger la confidencialidad, integridad y disponibilidad de la informaci\u00f3n de pacientes, funcionarias(os) y del Hospital Barros Luco Trudeau<\/p>\n\n\n\n<div style=\"text-align:center\" class=\"wp-block-atomic-blocks-ab-button ab-block-button\"><a href=\"https:\/\/www.hospitalbarrosluco.gob.cl\/dgti\/wp-content\/uploads\/2024\/12\/RESOL.-EXENTA-4063-DE-2024vf.pdf\" target=\"_blank\" rel=\"noopener noreferrer\" class=\"ab-button ab-button-shape-rounded ab-button-size-medium\" style=\"color:#ffffff;background-color:#3373dc\">Descargar<\/a><\/div>\n<\/div><\/details><\/div>\n\n\n\n<div class=\"wp-block-atomic-blocks-ab-accordion ab-block-accordion\"><details><summary class=\"ab-accordion-title\"><strong>DGTI 01 Pol\u00edtica de seguridad pantalla y escritorio limpio v2 2021<\/strong> <em>(clic para abrir)<\/em><\/summary><div class=\"ab-accordion-text\">\n<p>El objetivo es establecer la Pol\u00edtica de Seguridad de Pantalla y Escritorio Limpio, para asegurar la informaci\u00f3n en los puestos y estaciones de trabajo, a la cual se podr\u00eda tener f\u00e1cil acceso.<\/p>\n\n\n\n<div style=\"text-align:center\" class=\"wp-block-atomic-blocks-ab-button ab-block-button\"><a href=\"https:\/\/www.hospitalbarrosluco.gob.cl\/dgti\/wp-content\/uploads\/2022\/05\/DGTI-01-POLITICA-DE-SEGURIDAD-PANTALLA-Y-ESCRITORIO-LIMPIO-V2-2021.pdf\" target=\"_blank\" rel=\"noopener noreferrer\" class=\"ab-button ab-button-shape-rounded ab-button-size-medium\" style=\"color:#ffffff;background-color:#3373dc\">Descargar<\/a><\/div>\n<\/div><\/details><\/div>\n\n\n\n<div class=\"wp-block-atomic-blocks-ab-accordion ab-block-accordion\"><details><summary class=\"ab-accordion-title\"><strong>DGTI 02 Pol\u00edtica de seguridad f\u00edsica y ambiental v2 2021<\/strong> <em>(clic para abrir)<\/em><\/summary><div class=\"ab-accordion-text\">\n<p>El objetivo es establecer la pol\u00edtica de Seguridad F\u00edsica y Ambiental para las \u00e1reas seguras, de acceso restringido, para prevenir da\u00f1o o interferencia a datos e informaci\u00f3n y los activos, almacenamiento y procesamiento de datos.<\/p>\n\n\n\n<div style=\"text-align:center\" class=\"wp-block-atomic-blocks-ab-button ab-block-button\"><a href=\"https:\/\/www.hospitalbarrosluco.gob.cl\/dgti\/wp-content\/uploads\/2022\/05\/DGTI-02-POLITICA-DE-SEGURIDAD-FISICA-Y-AMBIENTAL-V2-2021.pdf\" target=\"_blank\" rel=\"noopener noreferrer\" class=\"ab-button ab-button-shape-rounded ab-button-size-medium\" style=\"color:#ffffff;background-color:#3373dc\">Descargar<\/a><\/div>\n<\/div><\/details><\/div>\n\n\n\n<div class=\"wp-block-atomic-blocks-ab-accordion ab-block-accordion\"><details><summary class=\"ab-accordion-title\"><strong><strong>DGTI 03 Pol\u00edtica de seguridad control de acceso, acceso a redes y servicios v3 2025<\/strong> 2021<\/strong> <em>(clic para abrir)<\/em><\/summary><div class=\"ab-accordion-text\">\n<p>El objetivo es establecer la Pol\u00edtica de Seguridad de Control de Acceso, Acceso a Redes y Servicios, de manera de establecer el acceso a los sistemas, a trav\u00e9s de un adecuado manejo y mantenimiento de las cuentas del usuario, los derechos y privilegios asociadas al acceso de los servidores, aplicaciones, base de datos y datos.<\/p>\n\n\n\n<div style=\"text-align:center\" class=\"wp-block-atomic-blocks-ab-button ab-block-button\"><a href=\"https:\/\/www.hospitalbarrosluco.gob.cl\/dgti\/wp-content\/uploads\/2025\/11\/DGTI-03-RESOL.-EXENTA-4273-DE-2025.pdf\" target=\"_blank\" rel=\"noopener noreferrer\" class=\"ab-button ab-button-shape-rounded ab-button-size-medium\" style=\"color:#ffffff;background-color:#3373dc\">Descargar<\/a><\/div>\n\n\n\n<div class=\"wp-block-atomic-blocks-ab-accordion ab-block-accordion\"><details><summary class=\"ab-accordion-title\"><strong>DGTI 03 A Procedimiento de cambio de usuario de dominio<\/strong> <em>(clic para abrir)<\/em><\/summary><div class=\"ab-accordion-text\">\n<p>El objetivo es establecer el procedimiento de cambio de usuario de dominio de los equipos computacionales del Hospital Barros Luco Trudeau (HBLT), de esta forma, mantener un control de los accesos a la red y servicios del HBLT y MINSAL.<\/p>\n\n\n\n<div style=\"text-align:center\" class=\"wp-block-atomic-blocks-ab-button ab-block-button\"><a href=\"https:\/\/www.hospitalbarrosluco.gob.cl\/dgti\/wp-content\/uploads\/2025\/01\/DGTI-03-A-PROCEDIMIENTO-DE-CAMBIO-DE-USUARIO-DE-DOMINIO.pdf\" target=\"_blank\" rel=\"noopener noreferrer\" class=\"ab-button ab-button-shape-rounded ab-button-size-medium\" style=\"color:#ffffff;background-color:#3373dc\">Descargar<\/a><\/div>\n<\/div><\/details><\/div>\n<\/div><\/details><\/div>\n\n\n\n<div class=\"wp-block-atomic-blocks-ab-accordion ab-block-accordion\"><details><summary class=\"ab-accordion-title\"><strong>DGTI 04 Pol\u00edtica de seguridad clasificaci\u00f3n y manejo de la informaci\u00f3n v2 2021<\/strong> <em>(clic para abrir)<\/em><\/summary><div class=\"ab-accordion-text\">\n<p>El objetivo es establecer la Pol\u00edtica de Seguridad en la Clasificaci\u00f3n y Manejo de la Informaci\u00f3n, para la protecci\u00f3n de la informaci\u00f3n, independiente de su forma y almacenamiento, dentro del Hospital Barros Luco Trudeau. As\u00ed como, aquella que salga de la instituci\u00f3n.<\/p>\n\n\n\n<div style=\"text-align:center\" class=\"wp-block-atomic-blocks-ab-button ab-block-button\"><a href=\"https:\/\/www.hospitalbarrosluco.gob.cl\/dgti\/wp-content\/uploads\/2022\/05\/DGTI-04-POLITICA-DE-SEGURIDAD-CLASIFICACION-Y-MANEJO-DE-LA-INFORMACION-V2-2021.pdf\" target=\"_blank\" rel=\"noopener noreferrer\" class=\"ab-button ab-button-shape-rounded ab-button-size-medium\" style=\"color:#ffffff;background-color:#3373dc\">Descargar<\/a><\/div>\n<\/div><\/details><\/div>\n\n\n\n<div class=\"wp-block-atomic-blocks-ab-accordion ab-block-accordion\"><details><summary class=\"ab-accordion-title\"><strong>DGTI 05 Pol\u00edtica de uso de correo electr\u00f3nico v2 2021<\/strong> <em>(clic para abrir)<\/em><\/summary><div class=\"ab-accordion-text\">\n<p>El objetivo es establecer la Pol\u00edtica de Seguridad de Uso del Correo Electr\u00f3nico, para dar las directrices de uso seguro como herramienta de comunicaci\u00f3n y transmisi\u00f3n de informaci\u00f3n.<\/p>\n\n\n\n<div style=\"text-align:center\" class=\"wp-block-atomic-blocks-ab-button ab-block-button\"><a href=\"https:\/\/www.hospitalbarrosluco.gob.cl\/dgti\/wp-content\/uploads\/2022\/05\/DGTI-05-POLITICA-DE-USO-DE-CORREO-ELECTRONICO-V2-2021.pdf\" target=\"_blank\" rel=\"noopener noreferrer\" class=\"ab-button ab-button-shape-rounded ab-button-size-medium\" style=\"color:#ffffff;background-color:#3373dc\">Descargar<\/a><\/div>\n<\/div><\/details><\/div>\n\n\n\n<div class=\"wp-block-atomic-blocks-ab-accordion ab-block-accordion\"><details><summary class=\"ab-accordion-title\"><strong>DGTI 06 Pol\u00edtica de respaldo de la informaci\u00f3n v3 2025<\/strong> <em>(clic para abrir)<\/em><\/summary><div class=\"ab-accordion-text\">\n<p>El objetivo es establecer la pol\u00edtica de Respaldo de la Informaci\u00f3n, para definir los lineamientos de la informaci\u00f3n a respaldar de los equipos PC de los usuarios, as\u00ed como, el proceso, frecuencia y eliminaci\u00f3n de estos respaldos.<\/p>\n\n\n\n<div style=\"text-align:center\" class=\"wp-block-atomic-blocks-ab-button ab-block-button\"><a href=\"https:\/\/www.hospitalbarrosluco.gob.cl\/dgti\/wp-content\/uploads\/2025\/08\/RESOL.-EXENTA-2903-DE-2025-POLITICA-DE-SEGURIDAD-RESPALDO-DE-LA-INFORMACION-V3.pdf\" target=\"_blank\" rel=\"noopener noreferrer\" class=\"ab-button ab-button-shape-rounded ab-button-size-medium\" style=\"color:#ffffff;background-color:#3373dc\">Descargar<\/a><\/div>\n<\/div><\/details><\/div>\n\n\n\n<div class=\"wp-block-atomic-blocks-ab-accordion ab-block-accordion\"><details><summary class=\"ab-accordion-title\"><strong>DGTI 07 Pol\u00edtica de seguridad en la gesti\u00f3n de hardware y software v2 2021<\/strong> <em>(clic para abrir)<\/em><\/summary><div class=\"ab-accordion-text\">\n<p>El objetivo es establecer la Pol\u00edtica de Seguridad en la Gesti\u00f3n de Hardware y Software, para asegurar la adecuada adquisici\u00f3n y uso del equipamiento y los softwares.<\/p>\n\n\n\n<div style=\"text-align:center\" class=\"wp-block-atomic-blocks-ab-button ab-block-button\"><a href=\"https:\/\/www.hospitalbarrosluco.gob.cl\/dgti\/wp-content\/uploads\/2022\/05\/DGTI-07-POLITICA-DE-SEGURIDAD-EN-LA-GESTION-DE-HARDWARE-Y-SOFTWARE-V2-2021.pdf\" target=\"_blank\" rel=\"noopener noreferrer\" class=\"ab-button ab-button-shape-rounded ab-button-size-medium\" style=\"color:#ffffff;background-color:#3373dc\">Descargar<\/a><\/div>\n<\/div><\/details><\/div>\n\n\n\n<div class=\"wp-block-atomic-blocks-ab-accordion ab-block-accordion\"><details><summary class=\"ab-accordion-title\"><strong>DGTI 07 A Proc. de devoluci\u00f3n de equipamiento tecnol\u00f3gico<\/strong> <em>(clic para abrir)<\/em><\/summary><div class=\"ab-accordion-text\">\n<p>El objetivo es establecer el procedimiento de devoluci\u00f3n de equipamiento tecnol\u00f3gico del Hospital Barros Luco Trudeau (HBLT), que se encuentre en desuso. De esta forma, mantener un control de los recursos, y as\u00ed, reasignar a otras unidades organizacionales que lo requieran. Dar cumplimiento a lo establecido en la ley sobre el uso eficiente de los recursos p\u00fablicos y la probidad administrativa.<\/p>\n\n\n\n<div style=\"text-align:center\" class=\"wp-block-atomic-blocks-ab-button ab-block-button\"><a href=\"https:\/\/www.hospitalbarrosluco.gob.cl\/dgti\/wp-content\/uploads\/2025\/01\/DGTI-07-A-PROCEDIMIENTO-DE-DEVOLUCION-DE-EQUIPAMIENTO-TECNOLOGICO.pdf\" target=\"_blank\" rel=\"noopener noreferrer\" class=\"ab-button ab-button-shape-rounded ab-button-size-medium\" style=\"color:#ffffff;background-color:#3373dc\">Descargar<\/a><\/div>\n\n\n\n<div class=\"wp-block-atomic-blocks-ab-accordion ab-block-accordion\"><details><summary class=\"ab-accordion-title\"><strong>DGTI 07 B Proc. de entrega y devoluci\u00f3n de celulares institucionales<\/strong> <em>(clic para abrir)<\/em><\/summary><div class=\"ab-accordion-text\">\n<p>El objetivo es establecer un protocolo de entrega y devoluci\u00f3n de celulares institucionales entregados por el SSMS.<\/p>\n\n\n\n<div style=\"text-align:center\" class=\"wp-block-atomic-blocks-ab-button ab-block-button\"><a href=\"https:\/\/www.hospitalbarrosluco.gob.cl\/dgti\/wp-content\/uploads\/2025\/01\/DGTI-07-B-PROCEDIMIENTO-DE-ENTREGA-Y-DEVOLUCION-DE-CELULARES-INSTITUCIONALES.pdf\" target=\"_blank\" rel=\"noopener noreferrer\" class=\"ab-button ab-button-shape-rounded ab-button-size-medium\" style=\"color:#ffffff;background-color:#3373dc\">Descargar<\/a><\/div>\n<\/div><\/details><\/div>\n<\/div><\/details><\/div>\n\n\n\n<div class=\"wp-block-atomic-blocks-ab-accordion ab-block-accordion\"><details><summary class=\"ab-accordion-title\"><strong><strong>DGTI 08 Pol\u00edtica de Seguridad Respuesta ante Incidentes de Ciberseguridad v3<\/strong><\/strong> <em>(clic para abrir)<\/em><\/summary><div class=\"ab-accordion-text\">\n<p>El objetivo es asegurar el proceso de manejo de acciones correctivas y acciones preventivas para la gesti\u00f3n de Seguridad de la Informaci\u00f3n.<\/p>\n\n\n\n<div style=\"text-align:center\" class=\"wp-block-atomic-blocks-ab-button ab-block-button\"><a href=\"https:\/\/www.hospitalbarrosluco.gob.cl\/dgti\/wp-content\/uploads\/2025\/09\/RESOL.-EXENTA-3391-DE-2025-Politica-incidentes-1.pdf\" target=\"_blank\" rel=\"noopener noreferrer\" class=\"ab-button ab-button-shape-rounded ab-button-size-medium\" style=\"color:#ffffff;background-color:#3373dc\">Descargar<\/a><\/div>\n<\/div><\/details><\/div>\n\n\n\n<div class=\"wp-block-atomic-blocks-ab-accordion ab-block-accordion\"><details><summary class=\"ab-accordion-title\"><strong><strong>DGTI 08 A Procedimiento de Seguridad respuesta ante incidentes de ciberseguridad para usuarias\/os v1<\/strong><\/strong> <em>(clic para abrir)<\/em><\/summary><div class=\"ab-accordion-text\">\n<p>El El objetivo es establecer el procedimiento claro y accesible para que usuarias(os), funcionarias(os) y personal externo puedan identificar, reportar y responder de manera adecuada ante incidentes de ciberseguridad, minimizando su impacto en los sistemas y la informaci\u00f3n del Hospital Barros Luco Trudeau.<\/p>\n\n\n\n<div style=\"text-align:center\" class=\"wp-block-atomic-blocks-ab-button ab-block-button\"><a href=\"https:\/\/www.hospitalbarrosluco.gob.cl\/dgti\/wp-content\/uploads\/2025\/09\/RESOL.-EXENTA-3390-DE-2025-Procedimineto-incidente-usuarios.pdf\" target=\"_blank\" rel=\"noopener noreferrer\" class=\"ab-button ab-button-shape-rounded ab-button-size-medium\" style=\"color:#ffffff;background-color:#3373dc\">Descargar<\/a><\/div>\n<\/div><\/details><\/div>\n\n\n\n<div class=\"wp-block-atomic-blocks-ab-accordion ab-block-accordion\"><details><summary class=\"ab-accordion-title\"><strong><strong>DGTI 08 B Pol\u00edtica de seguridad respuesta ante incidentes v2 2021<\/strong><\/strong> <em>(clic para abrir)<\/em><\/summary><div class=\"ab-accordion-text\">\n<p>El objetivo es establecer el procedimiento t\u00e9cnico con las acciones iniciales necesarias para la detecci\u00f3n, contenci\u00f3n, an\u00e1lisis, mitigaci\u00f3n, reporte y recuperaci\u00f3n ante incidentes de ciberseguridad, asegurando la continuidad operativa, la integridad de los sistemas y la protecci\u00f3n de la informaci\u00f3n.<\/p>\n\n\n\n<div style=\"text-align:center\" class=\"wp-block-atomic-blocks-ab-button ab-block-button\"><a href=\"https:\/\/www.hospitalbarrosluco.gob.cl\/dgti\/wp-content\/uploads\/2025\/09\/RESOL.-EXENTA-3392-DE-2025-Procedimineto-incidente-DGTI.pdf\" target=\"_blank\" rel=\"noopener noreferrer\" class=\"ab-button ab-button-shape-rounded ab-button-size-medium\" style=\"color:#ffffff;background-color:#3373dc\">Descargar<\/a><\/div>\n<\/div><\/details><\/div>\n\n\n\n<div class=\"wp-block-atomic-blocks-ab-accordion ab-block-accordion\"><details><summary class=\"ab-accordion-title\"><strong>DGTI 09 Pol\u00edtica de seguridad continuidad operacional v3 2025<\/strong> <em>(clic para abrir)<\/em><\/summary><div class=\"ab-accordion-text\">\n<p>El objetivo es establecer la Pol\u00edtica de seguridad Continuidad Operacional para garantizar las operaciones correctas y seguras de los sistemas cr\u00edticos.<\/p>\n\n\n\n<div style=\"text-align:center\" class=\"wp-block-atomic-blocks-ab-button ab-block-button\"><a href=\"https:\/\/www.hospitalbarrosluco.gob.cl\/dgti\/wp-content\/uploads\/2026\/02\/RESOL.-EXENTA-4876-DE-2025.pdf\" target=\"_blank\" rel=\"noopener noreferrer\" class=\"ab-button ab-button-shape-rounded ab-button-size-medium\" style=\"color:#ffffff;background-color:#3373dc\">Descargar<\/a><\/div>\n<\/div><\/details><\/div>\n\n\n\n<div class=\"wp-block-atomic-blocks-ab-accordion ab-block-accordion\"><details><summary class=\"ab-accordion-title\"><strong>DGTI 10 Pol\u00edtica de seguridad control de cambios v1 2021<\/strong> <em>(clic para abrir)<\/em><\/summary><div class=\"ab-accordion-text\">\n<p>El objetivo es establecer la Pol\u00edtica de Seguridad Control de cambios, para dar las directrices respecto a la seguridad en los cambios de hardware, software del Hospital Barros Luco Trudeau.<\/p>\n\n\n\n<div style=\"text-align:center\" class=\"wp-block-atomic-blocks-ab-button ab-block-button\"><a href=\"https:\/\/www.hospitalbarrosluco.gob.cl\/dgti\/wp-content\/uploads\/2022\/05\/DGTI-10-POLITICA-DE-SEGURIDAD-CONTROL-DE-CAMBIOS-V1-2021.pdf\" target=\"_blank\" rel=\"noopener noreferrer\" class=\"ab-button ab-button-shape-rounded ab-button-size-medium\" style=\"color:#ffffff;background-color:#3373dc\">Descargar<\/a><\/div>\n<\/div><\/details><\/div>\n\n\n\n<div class=\"wp-block-atomic-blocks-ab-accordion ab-block-accordion\"><details><summary class=\"ab-accordion-title\"><strong>DGTI 11 Pol\u00edtica de Seguridad Uso de Sistemas Inform\u00e1tico v1 2023<\/strong> <em>(clic para abrir)<\/em><\/summary><div class=\"ab-accordion-text\">\n<p>El objetivo es establecer la Pol\u00edtica de Seguridad Uso de Sistemas Inform\u00e1tico, para apoyar los procesos de las unidades organizacionales del Hospital Barros Luco Trudeau, para la confidencialidad, integridad, disponibilidad, consistencia, interoperabilidad y trazabilidad de la informaci\u00f3n.<\/p>\n\n\n\n<div style=\"text-align:center\" class=\"wp-block-atomic-blocks-ab-button ab-block-button\"><a href=\"https:\/\/www.hospitalbarrosluco.gob.cl\/dgti\/wp-content\/uploads\/2024\/01\/DGTI-11-POLITICA-DE-SEGURIDAD-USO-DE-SISTEMAS-INFORMATICOS-V1-2023.pdf\" target=\"_blank\" rel=\"noopener noreferrer\" class=\"ab-button ab-button-shape-rounded ab-button-size-medium\" style=\"color:#ffffff;background-color:#3373dc\">Descargar<\/a><\/div>\n<\/div><\/details><\/div>\n\n\n\n<div class=\"wp-block-atomic-blocks-ab-accordion ab-block-accordion\"><details><summary class=\"ab-accordion-title\"><strong><strong>DGTI 13 Pol\u00edtica de desarrollo, Mantenci\u00f3n y adquisici\u00f3n de Sist. de Informaci\u00f3n v2 2024<\/strong><\/strong> <em>(clic para abrir)<\/em><\/summary><div class=\"ab-accordion-text\">\n<p>El objetivo de la presente pol\u00edtica es entregar los lineamientos de seguridad para el \u201cDesarrollo interno de software de gesti\u00f3n\u201d, \u201cExternalizaci\u00f3n de desarrollo de software de gesti\u00f3n\u201d, \u201cArriendo de software de gesti\u00f3n\u201d y \u201cSoftware de gesti\u00f3n como servicio\u201d, para el HBLT.<\/p>\n\n\n\n<p>Estos lineamientos est\u00e1n orientados a la protecci\u00f3n de datos personales, de acuerdo a las mejores pr\u00e1cticas de desarrollo de software.<\/p>\n\n\n\n<div style=\"text-align:center\" class=\"wp-block-atomic-blocks-ab-button ab-block-button\"><a href=\"https:\/\/www.hospitalbarrosluco.gob.cl\/dgti\/wp-content\/uploads\/2025\/05\/RESOL.-EXENTA-1545-DE-2025.pdf\" target=\"_blank\" rel=\"noopener noreferrer\" class=\"ab-button ab-button-shape-rounded ab-button-size-medium\" style=\"color:#ffffff;background-color:#3373dc\">Descargar<\/a><\/div>\n<\/div><\/details><\/div>\n\n\n\n<div class=\"wp-block-atomic-blocks-ab-accordion ab-block-accordion\"><details><summary class=\"ab-accordion-title\"><strong>DGTI 13 A Proc. De Gesti\u00f3n de Vulnerabilidades<\/strong> <em>(clic para abrir)<\/em><\/summary><div class=\"ab-accordion-text\">\n<p>El objetivo es establecer un procedimiento de Gesti\u00f3n de Vulnerabilidades para identificar, evaluar, priorizar, tratar y monitorear las vulnerabilidades t\u00e9cnicas que afecten los activos de informaci\u00f3n de la organizaci\u00f3n, con el fin de minimizar los riesgos asociados y preservar la confidencialidad, integridad y disponibilidad de la informaci\u00f3n.<\/p>\n\n\n\n<div style=\"text-align:center\" class=\"wp-block-atomic-blocks-ab-button ab-block-button\"><a href=\"https:\/\/www.hospitalbarrosluco.gob.cl\/dgti\/wp-content\/uploads\/2025\/08\/RESOL.-EXENTA-3059-DE-2025.pdf\" target=\"_blank\" rel=\"noopener noreferrer\" class=\"ab-button ab-button-shape-rounded ab-button-size-medium\" style=\"color:#ffffff;background-color:#3373dc\">Descargar<\/a><\/div>\n<\/div><\/details><\/div>\n\n\n\n<div class=\"wp-block-atomic-blocks-ab-accordion ab-block-accordion\"><details><summary class=\"ab-accordion-title\"><strong>DGTI 15 Procedimiento de Seguridad Control de Cambios v1 2025<\/strong> <em>(clic para abrir)<\/em><\/summary><div class=\"ab-accordion-text\">\n<p>Establecer un procedimiento que permita gestionar de forma segura, eficiente y trazable todos los cambios realizados en los sistemas de informaci\u00f3n, equipamiento y plataformas tecnol\u00f3gicas del hospital, sin afectar la atenci\u00f3n a los pacientes ni la disponibilidad de los recursos inform\u00e1ticos.<\/p>\n\n\n\n<div style=\"text-align:center\" class=\"wp-block-atomic-blocks-ab-button ab-block-button\"><a href=\"https:\/\/www.hospitalbarrosluco.gob.cl\/dgti\/wp-content\/uploads\/2025\/11\/DGTI-15-RESOL.-EXENTA-4272-DE-2025.pdf\" target=\"_blank\" rel=\"noopener noreferrer\" class=\"ab-button ab-button-shape-rounded ab-button-size-medium\" style=\"color:#ffffff;background-color:#3373dc\">Descargar<\/a><\/div>\n<\/div><\/details><\/div>\n\n\n\n<p><strong>Acceso a todas las Pol\u00edticas: <a href=\"https:\/\/hblbox.hbl.local\/s\/S9aQckxXgaW5w3S\">Clic AQU\u00cd<\/a><\/strong><\/p>\n\n\n\n<div style=\"height:20px\" aria-hidden=\"true\" class=\"wp-block-spacer\"><\/div>\n\n\n\n<div class=\"wp-block-columns\">\n<div class=\"wp-block-column\"><\/div>\n\n\n\n<div class=\"wp-block-column\" style=\"flex-basis:225px\">\n<figure class=\"wp-block-image size-full is-resized\"><a href=\"https:\/\/www.hospitalbarrosluco.gob.cl\/dgti\/seguridad-de-la-informacion\/\"><img loading=\"lazy\" src=\"https:\/\/www.hospitalbarrosluco.gob.cl\/dgti\/wp-content\/uploads\/2022\/05\/btnIntroSegv2.png\" alt=\"\" class=\"wp-image-731\" width=\"225\" height=\"75\"\/><\/a><\/figure>\n<\/div>\n\n\n\n<div class=\"wp-block-column\" style=\"flex-basis:225px\">\n<figure class=\"wp-block-image size-full\"><a href=\"https:\/\/www.hospitalbarrosluco.gob.cl\/dgti\/correo-malicioso\/\"><img loading=\"lazy\" width=\"300\" height=\"100\" src=\"https:\/\/www.hospitalbarrosluco.gob.cl\/dgti\/wp-content\/uploads\/2022\/05\/btnCorMaliSegv2.png\" alt=\"\" class=\"wp-image-734\"\/><\/a><\/figure>\n<\/div>\n\n\n\n<div class=\"wp-block-column\" style=\"flex-basis:225px\">\n<figure class=\"wp-block-image size-full\"><a href=\"https:\/\/www.hospitalbarrosluco.gob.cl\/dgti\/tipos-de-malware\/\"><img loading=\"lazy\" width=\"300\" height=\"100\" src=\"https:\/\/www.hospitalbarrosluco.gob.cl\/dgti\/wp-content\/uploads\/2022\/05\/btnTipMalwaSegv2.png\" alt=\"\" class=\"wp-image-733\"\/><\/a><\/figure>\n<\/div>\n\n\n\n<div class=\"wp-block-column\"><\/div>\n<\/div>\n\n\n\n<div class=\"wp-block-columns\">\n<div class=\"wp-block-column\"><\/div>\n\n\n\n<div class=\"wp-block-column\" style=\"flex-basis:225px\">\n<figure class=\"wp-block-image size-full\"><a href=\"https:\/\/www.hospitalbarrosluco.gob.cl\/dgti\/formas-de-infectarnos\/\"><img loading=\"lazy\" width=\"300\" height=\"100\" src=\"https:\/\/www.hospitalbarrosluco.gob.cl\/dgti\/wp-content\/uploads\/2022\/05\/btnForInfecSegv2.png\" alt=\"\" class=\"wp-image-728\"\/><\/a><\/figure>\n<\/div>\n\n\n\n<div class=\"wp-block-column\" style=\"flex-basis:225px\">\n<figure class=\"wp-block-image size-full\"><a href=\"https:\/\/www.hospitalbarrosluco.gob.cl\/dgti\/formas-de-protegernos\/\"><img loading=\"lazy\" width=\"300\" height=\"100\" src=\"https:\/\/www.hospitalbarrosluco.gob.cl\/dgti\/wp-content\/uploads\/2022\/05\/btnForProteSegv2.png\" alt=\"\" class=\"wp-image-729\"\/><\/a><\/figure>\n<\/div>\n\n\n\n<div class=\"wp-block-column\" style=\"flex-basis:225px\">\n<figure class=\"wp-block-image size-full\"><a href=\"https:\/\/www.hospitalbarrosluco.gob.cl\/dgti\/infografias\/\"><img loading=\"lazy\" width=\"300\" height=\"100\" src=\"https:\/\/www.hospitalbarrosluco.gob.cl\/dgti\/wp-content\/uploads\/2022\/05\/btnInfograSegv2.png\" alt=\"\" class=\"wp-image-730\"\/><\/a><\/figure>\n<\/div>\n\n\n\n<div class=\"wp-block-column\"><\/div>\n<\/div>\n","protected":false},"excerpt":{"rendered":"<p>El Comit\u00e9 Directivo de Seguridad de la Informaci\u00f3n, a revisado y aprobado la actualizaci\u00f3n y evoluci\u00f3n de las \u201cPol\u00edticas de Seguridad de la informaci\u00f3n del Hospital Barros Luco Trudeau\u201d. \u00bfCu\u00e1l es el prop\u00f3sito de las pol\u00edticas de seguridad?El prop\u00f3sito de las Pol\u00edticas de Seguridad de la Informaci\u00f3n, es ayudarnos a saber c\u00f3mo debemos actuar para [&hellip;]<\/p>\n","protected":false},"author":4,"featured_media":410,"parent":0,"menu_order":0,"comment_status":"closed","ping_status":"closed","template":"","meta":[],"featured_image_src":"https:\/\/www.hospitalbarrosluco.gob.cl\/dgti\/wp-content\/uploads\/2022\/03\/ForFotoCutTituloSeguridad660x220px.png","featured_image_src_square":"https:\/\/www.hospitalbarrosluco.gob.cl\/dgti\/wp-content\/uploads\/2022\/03\/ForFotoCutTituloSeguridad660x220px.png","_links":{"self":[{"href":"https:\/\/www.hospitalbarrosluco.gob.cl\/dgti\/wp-json\/wp\/v2\/pages\/718"}],"collection":[{"href":"https:\/\/www.hospitalbarrosluco.gob.cl\/dgti\/wp-json\/wp\/v2\/pages"}],"about":[{"href":"https:\/\/www.hospitalbarrosluco.gob.cl\/dgti\/wp-json\/wp\/v2\/types\/page"}],"author":[{"embeddable":true,"href":"https:\/\/www.hospitalbarrosluco.gob.cl\/dgti\/wp-json\/wp\/v2\/users\/4"}],"replies":[{"embeddable":true,"href":"https:\/\/www.hospitalbarrosluco.gob.cl\/dgti\/wp-json\/wp\/v2\/comments?post=718"}],"version-history":[{"count":46,"href":"https:\/\/www.hospitalbarrosluco.gob.cl\/dgti\/wp-json\/wp\/v2\/pages\/718\/revisions"}],"predecessor-version":[{"id":2536,"href":"https:\/\/www.hospitalbarrosluco.gob.cl\/dgti\/wp-json\/wp\/v2\/pages\/718\/revisions\/2536"}],"wp:featuredmedia":[{"embeddable":true,"href":"https:\/\/www.hospitalbarrosluco.gob.cl\/dgti\/wp-json\/wp\/v2\/media\/410"}],"wp:attachment":[{"href":"https:\/\/www.hospitalbarrosluco.gob.cl\/dgti\/wp-json\/wp\/v2\/media?parent=718"}],"curies":[{"name":"wp","href":"https:\/\/api.w.org\/{rel}","templated":true}]}}