{"id":755,"date":"2022-05-06T17:59:10","date_gmt":"2022-05-06T20:59:10","guid":{"rendered":"https:\/\/www.hospitalbarrosluco.gob.cl\/dgti\/?page_id=755"},"modified":"2025-12-19T17:46:30","modified_gmt":"2025-12-19T20:46:30","slug":"correo-malicioso","status":"publish","type":"page","link":"https:\/\/www.hospitalbarrosluco.gob.cl\/dgti\/correo-malicioso\/","title":{"rendered":"Correo Malicioso"},"content":{"rendered":"\n<p class=\"has-small-font-size\">Consiste en la emisi\u00f3n masiva de correos electr\u00f3nicos a usuarios. Estos correos suplantan a entidades de confianza (ejemplo bancos) y persiguen el enga\u00f1o del usuario y la consecuci\u00f3n de informaci\u00f3n. Tambi\u00e9n, pueden utilizar cuentas de usuarios ya robadas.<\/p>\n\n\n\n<p class=\"has-small-font-size\">Estos correos pueden contener en el cuerpo del mensaje un LINK o ENLACE hacia una p\u00e1gina que puede tener un programa da\u00f1ino que se puede descargar autom\u00e1ticamente o no en el equipo e incluso podr\u00eda tener un archivo adjunto que fuese un programa da\u00f1ino.<\/p>\n\n\n\n<figure class=\"wp-block-image size-full\"><img loading=\"lazy\" width=\"500\" height=\"50\" src=\"https:\/\/www.hospitalbarrosluco.gob.cl\/dgti\/wp-content\/uploads\/2022\/05\/BarrasCorreoMali.png\" alt=\"\" class=\"wp-image-1226\" srcset=\"https:\/\/www.hospitalbarrosluco.gob.cl\/dgti\/wp-content\/uploads\/2022\/05\/BarrasCorreoMali.png 500w, https:\/\/www.hospitalbarrosluco.gob.cl\/dgti\/wp-content\/uploads\/2022\/05\/BarrasCorreoMali-300x30.png 300w\" sizes=\"(max-width: 500px) 100vw, 500px\" \/><\/figure>\n\n\n\n<p>Si llega a su correo, alg\u00fan mail que le parezca sospechoso, debe:<\/p>\n\n\n\n<figure class=\"wp-block-image size-full\"><img loading=\"lazy\" width=\"380\" height=\"20\" src=\"https:\/\/www.hospitalbarrosluco.gob.cl\/dgti\/wp-content\/uploads\/2022\/05\/BarraAuxCorreoMali1.png\" alt=\"\" class=\"wp-image-1227\" srcset=\"https:\/\/www.hospitalbarrosluco.gob.cl\/dgti\/wp-content\/uploads\/2022\/05\/BarraAuxCorreoMali1.png 380w, https:\/\/www.hospitalbarrosluco.gob.cl\/dgti\/wp-content\/uploads\/2022\/05\/BarraAuxCorreoMali1-300x16.png 300w\" sizes=\"(max-width: 380px) 100vw, 380px\" \/><\/figure>\n\n\n\n<div class=\"wp-block-columns\">\n<div class=\"wp-block-column\" style=\"flex-basis:5px\"><\/div>\n\n\n\n<div class=\"wp-block-column\">\n<ul><li>&#8211; No pinchar el LINK que le solicitan acceder.<\/li><li>&#8211; Si tiene un adjunto, no descargar.<\/li><li>&#8211; Informar a <strong>soportedgti@hblt.gob.cl<\/strong>, adjuntando correo.<\/li><li>&#8211; Eliminar el correo de \u201cBandeja de entrada\u201d y luego de \u201cElementos Eliminados\u201d.<\/li><\/ul>\n<\/div>\n\n\n\n<div class=\"wp-block-column\" style=\"flex-basis:5px\"><\/div>\n<\/div>\n\n\n\n<figure class=\"wp-block-image size-full\"><img loading=\"lazy\" width=\"430\" height=\"20\" src=\"https:\/\/www.hospitalbarrosluco.gob.cl\/dgti\/wp-content\/uploads\/2022\/05\/BarraAuxCorreoMali2.png\" alt=\"\" class=\"wp-image-1230\" srcset=\"https:\/\/www.hospitalbarrosluco.gob.cl\/dgti\/wp-content\/uploads\/2022\/05\/BarraAuxCorreoMali2.png 430w, https:\/\/www.hospitalbarrosluco.gob.cl\/dgti\/wp-content\/uploads\/2022\/05\/BarraAuxCorreoMali2-300x14.png 300w\" sizes=\"(max-width: 430px) 100vw, 430px\" \/><\/figure>\n\n\n\n<div class=\"wp-block-columns\">\n<div class=\"wp-block-column\" style=\"flex-basis:5px\"><\/div>\n\n\n\n<div class=\"wp-block-column\">\n<ul><li>&#8211; Comunicarse con la persona que le envi\u00f3 el correo y comprobar si el correo es aut\u00e9ntico. Si no lo es:<\/li><\/ul>\n\n\n\n<div class=\"wp-block-columns\">\n<div class=\"wp-block-column\" style=\"flex-basis:5px\"><\/div>\n\n\n\n<div class=\"wp-block-column\">\n<ul><li>\u2022 No pinchar el LINK que le solicitan acceder.<\/li><li>\u2022 Si tiene un adjunto, no descargar.<\/li><li>\u2022 Informar a <strong>soportedgti@hblt.gob.cl<\/strong>, adjuntando correo.<\/li><li>\u2022 Eliminar el correo de \u201cBandeja de entrada\u201d y luego de \u201cElementos Eliminados\u201d.<\/li><\/ul>\n<\/div>\n<\/div>\n<\/div>\n<\/div>\n\n\n\n<p>Una vez realizados los pasos, la Mesa de Ayuda, le informar\u00e1 del resultado del an\u00e1lisis del correo enviado.<\/p>\n\n\n\n<div class=\"wp-block-columns\">\n<div class=\"wp-block-column\"><\/div>\n\n\n\n<div class=\"wp-block-column\" style=\"flex-basis:225px\">\n<figure class=\"wp-block-image size-full is-resized\"><a href=\"https:\/\/www.hospitalbarrosluco.gob.cl\/dgti\/seguridad-de-la-informacion\/\"><img loading=\"lazy\" src=\"https:\/\/www.hospitalbarrosluco.gob.cl\/dgti\/wp-content\/uploads\/2022\/05\/btnIntroSegv2.png\" alt=\"\" class=\"wp-image-731\" width=\"225\" height=\"75\"\/><\/a><\/figure>\n<\/div>\n\n\n\n<div class=\"wp-block-column\" style=\"flex-basis:225px\">\n<figure class=\"wp-block-image size-full\"><a href=\"https:\/\/www.hospitalbarrosluco.gob.cl\/dgti\/politicas-de-seguridad-de-la-informacion\/\"><img loading=\"lazy\" width=\"300\" height=\"100\" src=\"https:\/\/www.hospitalbarrosluco.gob.cl\/dgti\/wp-content\/uploads\/2022\/05\/btnPolitSegv2.png\" alt=\"\" class=\"wp-image-732\"\/><\/a><\/figure>\n<\/div>\n\n\n\n<div class=\"wp-block-column\" style=\"flex-basis:225px\">\n<figure class=\"wp-block-image size-full\"><a href=\"https:\/\/www.hospitalbarrosluco.gob.cl\/dgti\/tipos-de-malware\/\"><img loading=\"lazy\" width=\"300\" height=\"100\" src=\"https:\/\/www.hospitalbarrosluco.gob.cl\/dgti\/wp-content\/uploads\/2022\/05\/btnTipMalwaSegv2.png\" alt=\"\" class=\"wp-image-733\"\/><\/a><\/figure>\n<\/div>\n\n\n\n<div class=\"wp-block-column\"><\/div>\n<\/div>\n\n\n\n<div class=\"wp-block-columns\">\n<div class=\"wp-block-column\"><\/div>\n\n\n\n<div class=\"wp-block-column\" style=\"flex-basis:225px\">\n<figure class=\"wp-block-image size-full\"><a href=\"https:\/\/www.hospitalbarrosluco.gob.cl\/dgti\/formas-de-infectarnos\/\"><img loading=\"lazy\" width=\"300\" height=\"100\" src=\"https:\/\/www.hospitalbarrosluco.gob.cl\/dgti\/wp-content\/uploads\/2022\/05\/btnForInfecSegv2.png\" alt=\"\" class=\"wp-image-728\"\/><\/a><\/figure>\n<\/div>\n\n\n\n<div class=\"wp-block-column\" style=\"flex-basis:225px\">\n<figure class=\"wp-block-image size-full\"><a href=\"https:\/\/www.hospitalbarrosluco.gob.cl\/dgti\/formas-de-protegernos\/\"><img loading=\"lazy\" width=\"300\" height=\"100\" src=\"https:\/\/www.hospitalbarrosluco.gob.cl\/dgti\/wp-content\/uploads\/2022\/05\/btnForProteSegv2.png\" alt=\"\" class=\"wp-image-729\"\/><\/a><\/figure>\n<\/div>\n\n\n\n<div class=\"wp-block-column\" style=\"flex-basis:225px\">\n<figure class=\"wp-block-image size-full is-resized\"><a href=\"https:\/\/www.hospitalbarrosluco.gob.cl\/dgti\/infografias\/\"><img loading=\"lazy\" src=\"https:\/\/www.hospitalbarrosluco.gob.cl\/dgti\/wp-content\/uploads\/2022\/05\/btnInfograSegv2.png\" alt=\"\" class=\"wp-image-730\" width=\"225\" height=\"75\"\/><\/a><\/figure>\n<\/div>\n\n\n\n<div class=\"wp-block-column\"><\/div>\n<\/div>\n\n\n\n<p><\/p>\n","protected":false},"excerpt":{"rendered":"<p>Consiste en la emisi\u00f3n masiva de correos electr\u00f3nicos a usuarios. Estos correos suplantan a entidades de confianza (ejemplo bancos) y persiguen el enga\u00f1o del usuario y la consecuci\u00f3n de informaci\u00f3n. Tambi\u00e9n, pueden utilizar cuentas de usuarios ya robadas. Estos correos pueden contener en el cuerpo del mensaje un LINK o ENLACE hacia una p\u00e1gina que [&hellip;]<\/p>\n","protected":false},"author":4,"featured_media":410,"parent":0,"menu_order":0,"comment_status":"closed","ping_status":"closed","template":"","meta":[],"featured_image_src":"https:\/\/www.hospitalbarrosluco.gob.cl\/dgti\/wp-content\/uploads\/2022\/03\/ForFotoCutTituloSeguridad660x220px.png","featured_image_src_square":"https:\/\/www.hospitalbarrosluco.gob.cl\/dgti\/wp-content\/uploads\/2022\/03\/ForFotoCutTituloSeguridad660x220px.png","_links":{"self":[{"href":"https:\/\/www.hospitalbarrosluco.gob.cl\/dgti\/wp-json\/wp\/v2\/pages\/755"}],"collection":[{"href":"https:\/\/www.hospitalbarrosluco.gob.cl\/dgti\/wp-json\/wp\/v2\/pages"}],"about":[{"href":"https:\/\/www.hospitalbarrosluco.gob.cl\/dgti\/wp-json\/wp\/v2\/types\/page"}],"author":[{"embeddable":true,"href":"https:\/\/www.hospitalbarrosluco.gob.cl\/dgti\/wp-json\/wp\/v2\/users\/4"}],"replies":[{"embeddable":true,"href":"https:\/\/www.hospitalbarrosluco.gob.cl\/dgti\/wp-json\/wp\/v2\/comments?post=755"}],"version-history":[{"count":18,"href":"https:\/\/www.hospitalbarrosluco.gob.cl\/dgti\/wp-json\/wp\/v2\/pages\/755\/revisions"}],"predecessor-version":[{"id":2525,"href":"https:\/\/www.hospitalbarrosluco.gob.cl\/dgti\/wp-json\/wp\/v2\/pages\/755\/revisions\/2525"}],"wp:featuredmedia":[{"embeddable":true,"href":"https:\/\/www.hospitalbarrosluco.gob.cl\/dgti\/wp-json\/wp\/v2\/media\/410"}],"wp:attachment":[{"href":"https:\/\/www.hospitalbarrosluco.gob.cl\/dgti\/wp-json\/wp\/v2\/media?parent=755"}],"curies":[{"name":"wp","href":"https:\/\/api.w.org\/{rel}","templated":true}]}}