{"id":885,"date":"2022-05-17T17:16:23","date_gmt":"2022-05-17T20:16:23","guid":{"rendered":"https:\/\/www.hospitalbarrosluco.gob.cl\/dgti\/?page_id=885"},"modified":"2024-06-25T11:56:14","modified_gmt":"2024-06-25T14:56:14","slug":"documento-crp","status":"publish","type":"page","link":"https:\/\/www.hospitalbarrosluco.gob.cl\/dgti\/documento-crp\/","title":{"rendered":"Documento CRP"},"content":{"rendered":"\n<div style=\"height:20px\" aria-hidden=\"true\" class=\"wp-block-spacer\"><\/div>\n\n\n\n<div class=\"wp-block-media-text alignwide is-stacked-on-mobile\" style=\"grid-template-columns:52% auto\"><figure class=\"wp-block-media-text__media\"><a href=\"http:\/\/www.hospitalbarrosluco.cl\/dgti\/wp-content\/uploads\/2022\/05\/DocumentoCRP.png\"><img loading=\"lazy\" width=\"651\" height=\"851\" src=\"https:\/\/www.hospitalbarrosluco.gob.cl\/dgti\/wp-content\/uploads\/2022\/05\/DocumentoCRP.png\" alt=\"\" class=\"wp-image-1423 size-full\" srcset=\"https:\/\/www.hospitalbarrosluco.gob.cl\/dgti\/wp-content\/uploads\/2022\/05\/DocumentoCRP.png 651w, https:\/\/www.hospitalbarrosluco.gob.cl\/dgti\/wp-content\/uploads\/2022\/05\/DocumentoCRP-229x300.png 229w\" sizes=\"(max-width: 651px) 100vw, 651px\" \/><\/a><\/figure><div class=\"wp-block-media-text__content\">\n<p class=\"has-small-font-size\">Con este documento se canalizan los&nbsp;<strong>requerimientos<\/strong>&nbsp;de equipos, correos electr\u00f3nicos, tel\u00e9fonos IP, impresoras, lector de huella u otro hardware. Debe estar autorizado <em>(firmado y timbrado)<\/em> por la jefatura de quien solicita abajo a la derecha y la subdirecci\u00f3n <em>(firmado y timbrado) <\/em>abajo a la izquierda correspondiente a la unidad.<\/p>\n\n\n\n<p class=\"has-small-font-size\">Cada solicitud ser\u00e1 analizada, evaluando disponibilidad de Stock, pertinencia de la solicitud, factibilidad t\u00e9cnica u otros.<\/p>\n\n\n\n<p class=\"has-small-font-size\">Clic en la imagen a la izquierda para ver ampliado el documento CRP.<\/p>\n<\/div><\/div>\n\n\n\n<div style=\"height:20px\" aria-hidden=\"true\" class=\"wp-block-spacer\"><\/div>\n\n\n\n<p><em>Para revisar los detalles respecto de la gesti\u00f3n de cuentas de correo con CRP despliegue haciendo clic en las opciones a continuaci\u00f3n.<\/em><\/p>\n\n\n\n<div class=\"wp-block-atomic-blocks-ab-accordion ab-block-accordion\"><details><summary class=\"ab-accordion-title\">\u25ba <strong>Aclaraci\u00f3n sobre la solicitud de correos nuevos por CRP<\/strong><\/summary><div class=\"ab-accordion-text\">\n<p>Existen las cuentas de correos<em> nominativas y gen\u00e9ricas<\/em>.<\/p>\n\n\n\n<p><strong>Nominativas<\/strong><br>Estas tienen el nombre de la funcionaria(o), ejemplo, nombre.apellido@redsalud.gob.cl, se debe incluir el RUT de la funcionaria(o) al que se le crear\u00e1 la cuenta de correo.<br><strong>Gen\u00e9ricas<\/strong><br>Tienen un nombre que puede representar un \u00e1rea o un cargo, ejemplo, jefecentrodelservicioquesea.hblt@redsalud.gob.cl.<br>Para las cuentas de correos gen\u00e9ricos, la funcionaria(o) debe elegir el nombre, el cual debe tener un m\u00e1ximo de 14 caracteres, ejemplo: <strong><em>123456789abcde.hblt@redsalud.gob.cl.<\/em><\/strong><\/p>\n\n\n\n<p class=\"has-vivid-cyan-blue-color has-text-color\"><strong>TIPOS DE SOLICITUDES DE CORREOS MEDIANTE&nbsp;CRP<\/strong><\/p>\n\n\n\n<p><strong>Petici\u00f3n simple de cuenta de correo nueva<\/strong><br>Si la cuenta de correo no existe y la(el) funcionaria(o) la requiere para sus labores.<br>Se debe incluir en el CRP el Rut, nombre completo y cargo de la persona a la que se le pide crear la cuenta de correo.<\/p>\n\n\n\n<p><strong>Petici\u00f3n por reemplazo de cuenta de correo nueva<br><\/strong>Puede entregar una cuenta activa, en desuso, para crear una nueva por reemplazo. Es importante indicar que la cuenta que entregue para reemplazo dejar\u00e1 de recibir o enviar correos porque ser\u00e1 eliminada primero para crear la nueva.<br>La informaci\u00f3n que est\u00e9 en el computador de ese mail entregado, no se perder\u00e1.<br>Si la cuenta es&nbsp;nominativa&nbsp;y la(el) funcionaria(o) a\u00fan trabaja en alg\u00fan establecimiento que pertenezca al SSMS, no podr\u00e1 usarla para remplazo, porque no puede ser eliminada.<br>Se debe incluir en el CRP, la cuenta de correo que se pide crear, la que se entrega para reemplazar adem\u00e1s del RUT de la persona a la que se le crear\u00e1 la cuenta.<\/p>\n<\/div><\/details><\/div>\n\n\n\n<div class=\"wp-block-atomic-blocks-ab-accordion ab-block-accordion\"><details><summary class=\"ab-accordion-title\">\u25ba <strong>Sobre el cambio de nombre de correo<\/strong><\/summary><div class=\"ab-accordion-text\">\n<p>A las cuentas de correos no se le pueden cambiar el nombre (ni gen\u00e9rico, ni nominativo), ya que es como la direcci\u00f3n de una casa. Pero si se puede cambiar el nombre de la(el) due\u00f1a(o).<br>Ejemplos:<br><em>Jefatura de centro <a href=\"mailto:maria.perez@redsalud.gob.cl\">maria.perez@redsalud.gob.cl<\/a><\/em><br>Nombre del correo: maria.perez <strong>(incambiable)<\/strong><br>Nombre del due\u00f1o: Jefatura de centro <strong>(cambiable)<\/strong><br><em>Mariana Alegr\u00eda <a href=\"mailto:jefecentro1.hblt@redsalud.gob.cl\">jefecentro1.hblt@redsalud.gob.cl<\/a><\/em><br>Nombre del correo: jefecentro1.hblt <strong>(incambiable)<\/strong><br>Nombre del due\u00f1o: Mariana Alegr\u00eda<strong> (cambiable)<\/strong><\/p>\n<\/div><\/details><\/div>\n\n\n\n<div class=\"wp-block-atomic-blocks-ab-accordion ab-block-accordion\"><details><summary class=\"ab-accordion-title\">\u25ba <strong>Redireccionamiento de correos<\/strong><\/summary><div class=\"ab-accordion-text\">\n<p>El redireccionamiento de correos electr\u00f3nicos, debe ser autorizado por el due\u00f1o del correo, si este es&nbsp;<strong>nominativo<\/strong>. Si el correo es&nbsp;<strong>gen\u00e9rico<\/strong>, debe ser autorizado por la subdirecci\u00f3n, jefe de servicio o Departamento, seg\u00fan corresponda. (DGTI 05 POLITICA DE USO DE CORREO ELECTRONICO V2 2021 -6. Sobre la suplencia y subrogancia de los cargos-).<\/p>\n<\/div><\/details><\/div>\n\n\n\n<div style=\"height:33px\" aria-hidden=\"true\" class=\"wp-block-spacer\"><\/div>\n\n\n\n<div style=\"text-align:center\" class=\"wp-block-atomic-blocks-ab-button ab-block-button\"><a href=\"https:\/\/www.hospitalbarrosluco.gob.cl\/dgti\/wp-content\/uploads\/2022\/05\/FORMULARIO_CRP.docx\" class=\"ab-button ab-button-shape-rounded ab-button-size-medium\" style=\"color:#ffffff;background-color:#3373dc\">Descargar Documento CRP<\/a><\/div>\n\n\n\n<div style=\"height:50px\" aria-hidden=\"true\" class=\"wp-block-spacer\"><\/div>\n\n\n\n<div class=\"wp-block-columns\">\n<div class=\"wp-block-column\">\n<figure class=\"wp-block-image size-full\"><a href=\"https:\/\/www.hospitalbarrosluco.gob.cl\/dgti\/control-de-acceso-a-sistemas-y-servicios\/\"><img loading=\"lazy\" width=\"300\" height=\"300\" src=\"https:\/\/www.hospitalbarrosluco.gob.cl\/dgti\/wp-content\/uploads\/2022\/05\/ForBotonFormACC.png\" alt=\"\" class=\"wp-image-912\" srcset=\"https:\/\/www.hospitalbarrosluco.gob.cl\/dgti\/wp-content\/uploads\/2022\/05\/ForBotonFormACC.png 300w, https:\/\/www.hospitalbarrosluco.gob.cl\/dgti\/wp-content\/uploads\/2022\/05\/ForBotonFormACC-150x150.png 150w\" sizes=\"(max-width: 300px) 100vw, 300px\" \/><\/a><\/figure>\n<\/div>\n\n\n\n<div class=\"wp-block-column\">\n<figure class=\"wp-block-image size-full\"><a href=\"https:\/\/www.hospitalbarrosluco.gob.cl\/dgti\/almacenamiento-compartido-seguro\/\"><img loading=\"lazy\" width=\"300\" height=\"300\" src=\"https:\/\/www.hospitalbarrosluco.gob.cl\/dgti\/wp-content\/uploads\/2022\/05\/ForBotonFormACS.png\" alt=\"\" class=\"wp-image-913\" srcset=\"https:\/\/www.hospitalbarrosluco.gob.cl\/dgti\/wp-content\/uploads\/2022\/05\/ForBotonFormACS.png 300w, https:\/\/www.hospitalbarrosluco.gob.cl\/dgti\/wp-content\/uploads\/2022\/05\/ForBotonFormACS-150x150.png 150w\" sizes=\"(max-width: 300px) 100vw, 300px\" \/><\/a><\/figure>\n<\/div>\n\n\n\n<div class=\"wp-block-column\">\n<figure class=\"wp-block-image size-full\"><a href=\"https:\/\/www.hospitalbarrosluco.gob.cl\/dgti\/poder-simple-para-acceso-de-terceros-a-correo-electronico\/\"><img loading=\"lazy\" width=\"300\" height=\"300\" src=\"https:\/\/www.hospitalbarrosluco.gob.cl\/dgti\/wp-content\/uploads\/2022\/05\/ForBotonFormPDS.png\" alt=\"\" class=\"wp-image-914\" srcset=\"https:\/\/www.hospitalbarrosluco.gob.cl\/dgti\/wp-content\/uploads\/2022\/05\/ForBotonFormPDS.png 300w, https:\/\/www.hospitalbarrosluco.gob.cl\/dgti\/wp-content\/uploads\/2022\/05\/ForBotonFormPDS-150x150.png 150w\" sizes=\"(max-width: 300px) 100vw, 300px\" \/><\/a><\/figure>\n<\/div>\n<\/div>\n","protected":false},"excerpt":{"rendered":"<p>Con este documento se canalizan los&nbsp;requerimientos&nbsp;de equipos, correos electr\u00f3nicos, tel\u00e9fonos IP, impresoras, lector de huella u otro hardware. Debe estar autorizado (firmado y timbrado) por la jefatura de quien solicita abajo a la derecha y la subdirecci\u00f3n (firmado y timbrado) abajo a la izquierda correspondiente a la unidad. Cada solicitud ser\u00e1 analizada, evaluando disponibilidad de [&hellip;]<\/p>\n","protected":false},"author":4,"featured_media":475,"parent":0,"menu_order":0,"comment_status":"closed","ping_status":"closed","template":"","meta":[],"featured_image_src":"https:\/\/www.hospitalbarrosluco.gob.cl\/dgti\/wp-content\/uploads\/2022\/04\/ForFotoCutTituloGuiasRa660x220px.png","featured_image_src_square":"https:\/\/www.hospitalbarrosluco.gob.cl\/dgti\/wp-content\/uploads\/2022\/04\/ForFotoCutTituloGuiasRa660x220px.png","_links":{"self":[{"href":"https:\/\/www.hospitalbarrosluco.gob.cl\/dgti\/wp-json\/wp\/v2\/pages\/885"}],"collection":[{"href":"https:\/\/www.hospitalbarrosluco.gob.cl\/dgti\/wp-json\/wp\/v2\/pages"}],"about":[{"href":"https:\/\/www.hospitalbarrosluco.gob.cl\/dgti\/wp-json\/wp\/v2\/types\/page"}],"author":[{"embeddable":true,"href":"https:\/\/www.hospitalbarrosluco.gob.cl\/dgti\/wp-json\/wp\/v2\/users\/4"}],"replies":[{"embeddable":true,"href":"https:\/\/www.hospitalbarrosluco.gob.cl\/dgti\/wp-json\/wp\/v2\/comments?post=885"}],"version-history":[{"count":33,"href":"https:\/\/www.hospitalbarrosluco.gob.cl\/dgti\/wp-json\/wp\/v2\/pages\/885\/revisions"}],"predecessor-version":[{"id":1552,"href":"https:\/\/www.hospitalbarrosluco.gob.cl\/dgti\/wp-json\/wp\/v2\/pages\/885\/revisions\/1552"}],"wp:featuredmedia":[{"embeddable":true,"href":"https:\/\/www.hospitalbarrosluco.gob.cl\/dgti\/wp-json\/wp\/v2\/media\/475"}],"wp:attachment":[{"href":"https:\/\/www.hospitalbarrosluco.gob.cl\/dgti\/wp-json\/wp\/v2\/media?parent=885"}],"curies":[{"name":"wp","href":"https:\/\/api.w.org\/{rel}","templated":true}]}}