{"id":896,"date":"2022-05-17T17:48:28","date_gmt":"2022-05-17T20:48:28","guid":{"rendered":"https:\/\/www.hospitalbarrosluco.gob.cl\/dgti\/?page_id=896"},"modified":"2026-02-13T20:35:36","modified_gmt":"2026-02-13T23:35:36","slug":"control-de-acceso-a-sistemas-y-servicios","status":"publish","type":"page","link":"https:\/\/www.hospitalbarrosluco.gob.cl\/dgti\/control-de-acceso-a-sistemas-y-servicios\/","title":{"rendered":"Control de acceso a sistemas y servicios"},"content":{"rendered":"\n<div style=\"height:30px\" aria-hidden=\"true\" class=\"wp-block-spacer\"><\/div>\n\n\n\n<div class=\"wp-block-media-text alignwide is-stacked-on-mobile\" style=\"grid-template-columns:49% auto\"><figure class=\"wp-block-media-text__media\"><a href=\"https:\/\/www.hospitalbarrosluco.gob.cl\/dgti\/wp-content\/uploads\/2024\/04\/ForAccCaptura1_.jpg\"><img loading=\"lazy\" width=\"813\" height=\"982\" src=\"https:\/\/www.hospitalbarrosluco.gob.cl\/dgti\/wp-content\/uploads\/2024\/04\/ForAccCaptura1_.jpg\" alt=\"\" class=\"wp-image-2407 size-full\" srcset=\"https:\/\/www.hospitalbarrosluco.gob.cl\/dgti\/wp-content\/uploads\/2024\/04\/ForAccCaptura1_.jpg 813w, https:\/\/www.hospitalbarrosluco.gob.cl\/dgti\/wp-content\/uploads\/2024\/04\/ForAccCaptura1_-248x300.jpg 248w, https:\/\/www.hospitalbarrosluco.gob.cl\/dgti\/wp-content\/uploads\/2024\/04\/ForAccCaptura1_-768x928.jpg 768w, https:\/\/www.hospitalbarrosluco.gob.cl\/dgti\/wp-content\/uploads\/2024\/04\/ForAccCaptura1_-660x797.jpg 660w\" sizes=\"(max-width: 813px) 100vw, 813px\" \/><\/a><\/figure><div class=\"wp-block-media-text__content\">\n<p class=\"has-small-font-size\">Con este documento se realiza la solicitud de acceso a sistemas <em>(internos o externos) <\/em>y servicios <em>(NUBE, WEBEX, Sistemas de informaci\u00f3n cl\u00ednicos)<\/em> del HBLT. Debe ir la informaci\u00f3n de la jefatura y de quien solicita. Adem\u00e1s tendr\u00e1 que ser firmado por la jefatura de quien solicita as\u00ed como qui\u00e9n lo usar\u00e1 directamente.<\/p>\n\n\n\n<p class=\"has-small-font-size\">La grilla del punto 5 ser\u00e1 completada por uno de nuestros t\u00e9cnicos, qui\u00e9n le contactar\u00e1 para solicitar alg\u00fan dato si es necesario.<\/p>\n\n\n\n<p class=\"has-small-font-size\">Haga clic en la foto a la izquierda para ver con detalle el formulario y un clic adicional para verlo m\u00e1s grande a\u00fan.<\/p>\n<\/div><\/div>\n\n\n\n<div style=\"height:50px\" aria-hidden=\"true\" class=\"wp-block-spacer\"><\/div>\n\n\n\n<div class=\"wp-block-media-text alignwide has-media-on-the-right is-stacked-on-mobile\" style=\"grid-template-columns:auto 44%\"><figure class=\"wp-block-media-text__media\"><a href=\"http:\/\/www.hospitalbarrosluco.cl\/dgti\/wp-content\/uploads\/2022\/05\/ControlAccesos2.png\"><img loading=\"lazy\" width=\"792\" height=\"1024\" src=\"https:\/\/www.hospitalbarrosluco.gob.cl\/dgti\/wp-content\/uploads\/2024\/04\/ForAccCaptura2-792x1024.jpg\" alt=\"\" class=\"wp-image-2406 size-full\" srcset=\"https:\/\/www.hospitalbarrosluco.gob.cl\/dgti\/wp-content\/uploads\/2024\/04\/ForAccCaptura2-792x1024.jpg 792w, https:\/\/www.hospitalbarrosluco.gob.cl\/dgti\/wp-content\/uploads\/2024\/04\/ForAccCaptura2-232x300.jpg 232w, https:\/\/www.hospitalbarrosluco.gob.cl\/dgti\/wp-content\/uploads\/2024\/04\/ForAccCaptura2-768x993.jpg 768w, https:\/\/www.hospitalbarrosluco.gob.cl\/dgti\/wp-content\/uploads\/2024\/04\/ForAccCaptura2-1187x1536.jpg 1187w, https:\/\/www.hospitalbarrosluco.gob.cl\/dgti\/wp-content\/uploads\/2024\/04\/ForAccCaptura2-1583x2048.jpg 1583w, https:\/\/www.hospitalbarrosluco.gob.cl\/dgti\/wp-content\/uploads\/2024\/04\/ForAccCaptura2-660x854.jpg 660w, https:\/\/www.hospitalbarrosluco.gob.cl\/dgti\/wp-content\/uploads\/2024\/04\/ForAccCaptura2-scaled.jpg 1979w\" sizes=\"(max-width: 792px) 100vw, 792px\" \/><\/a><\/figure><div class=\"wp-block-media-text__content\">\n<p class=\"has-small-font-size\">En algunos controles de acceso aparece una secci\u00f3n de Perfiles del Sistema, la cual es completada por el funcionario.<\/p>\n\n\n\n<p class=\"has-small-font-size\"><strong><mark style=\"background-color:rgba(0, 0, 0, 0)\" class=\"has-inline-color has-vivid-red-color\"><em>Es importante indicar, que se debe seleccionar \u00fanicamente un perfil, dependiendo del rol (funciones) que realice.<\/em><\/mark><\/strong><\/p>\n\n\n\n<p class=\"has-small-font-size\">Ponemos como ejemplo el del Sistema LIS (tambi\u00e9n ocurre con el de Anatom\u00eda Patol\u00f3gica).<\/p>\n\n\n\n<p class=\"has-small-font-size\">Haga clic en la foto a la derecha para ver con detalle el formulario y un clic adicional para verlo m\u00e1s grande a\u00fan.<\/p>\n<\/div><\/div>\n\n\n\n<div style=\"height:70px\" aria-hidden=\"true\" class=\"wp-block-spacer\"><\/div>\n\n\n\n<p>Haga clic en la barra a continuaci\u00f3n para desplegar un listado con descargas de los formularios de acceso que corresponden a su requerimiento.<\/p>\n\n\n\n<div class=\"wp-block-atomic-blocks-ab-accordion ab-block-accordion\"><details><summary class=\"ab-accordion-title\"><strong>Descargas de formularios en PDF<\/strong> <em>(haga clic aqu\u00ed para desplegar listado)<\/em><\/summary><div class=\"ab-accordion-text\">\n<div class=\"wp-block-columns\">\n<div class=\"wp-block-column\" style=\"flex-basis:15%\"><\/div>\n\n\n\n<div class=\"wp-block-column\">\n<figure class=\"wp-block-table\"><table><tbody><tr><td>NUBE HBL<\/td><td><div style=\"text-align:center\" class=\"wp-block-atomic-blocks-ab-button ab-block-button\"><a href=\"https:\/\/www.hospitalbarrosluco.gob.cl\/dgti\/wp-content\/uploads\/2025\/10\/CONTROL_ACCESOS_NUBE-V2.docx\" class=\"ab-button ab-button-shape-circular ab-button-size-small\" style=\"color:#ffffff;background-color:#3373dc\">Descargar<\/a><\/div><\/td><\/tr><tr><td>Sistema APA<\/td><td><div style=\"text-align:center\" class=\"wp-block-atomic-blocks-ab-button ab-block-button\"><a href=\"https:\/\/www.hospitalbarrosluco.gob.cl\/dgti\/wp-content\/uploads\/2025\/10\/CONTROL_DE_ACCESO_SISTEMA_APA-v4.docx\" class=\"ab-button ab-button-shape-circular ab-button-size-small\" style=\"color:#ffffff;background-color:#3373dc\">Descargar<\/a><\/div><\/td><\/tr><tr><td>Sistema Imagenolog\u00eda RIS<\/td><td><div style=\"text-align:center\" class=\"wp-block-atomic-blocks-ab-button ab-block-button\"><a href=\"https:\/\/www.hospitalbarrosluco.gob.cl\/dgti\/wp-content\/uploads\/2025\/10\/CONTROL_DE_ACCESOS-_IMAGENOLOGIA-v4.docx\" class=\"ab-button ab-button-shape-circular ab-button-size-small\" style=\"color:#ffffff;background-color:#3373dc\">Descargar<\/a><\/div><\/td><\/tr><tr><td>Sistema Laboratorio LIS<\/td><td><div style=\"text-align:center\" class=\"wp-block-atomic-blocks-ab-button ab-block-button\"><a href=\"https:\/\/www.hospitalbarrosluco.gob.cl\/dgti\/wp-content\/uploads\/2025\/10\/CONTROL_DE_ACCESOS-_SISTEMA_LIS-v4.docx\" class=\"ab-button ab-button-shape-circular ab-button-size-small\" style=\"color:#ffffff;background-color:#3373dc\">Descargar<\/a><\/div><\/td><\/tr><tr><td>Sistema de Urgencia<\/td><td><div style=\"text-align:center\" class=\"wp-block-atomic-blocks-ab-button ab-block-button\"><a href=\"https:\/\/www.hospitalbarrosluco.gob.cl\/dgti\/wp-content\/uploads\/2025\/10\/CONTROL_DE_ACCESOS-_SISTEMA_URG_NEXO-v3.docx\" class=\"ab-button ab-button-shape-circular ab-button-size-small\" style=\"color:#ffffff;background-color:#3373dc\">Descargar<\/a><\/div><\/td><\/tr><tr><td>Sistemas NEXO<\/td><td><div style=\"text-align:center\" class=\"wp-block-atomic-blocks-ab-button ab-block-button\"><a href=\"https:\/\/www.hospitalbarrosluco.gob.cl\/dgti\/wp-content\/uploads\/2025\/10\/CONTROL_DE_ACCESOS-_SISTEMA_NEXO-v3.docx\" class=\"ab-button ab-button-shape-circular ab-button-size-small\" style=\"color:#ffffff;background-color:#3373dc\">Descargar<\/a><\/div><\/td><\/tr><tr><td>Sistema TrackCare<\/td><td><div style=\"text-align:center\" class=\"wp-block-atomic-blocks-ab-button ab-block-button\"><a href=\"https:\/\/www.hospitalbarrosluco.gob.cl\/dgti\/wp-content\/uploads\/2026\/02\/CONTROL_DE_ACCESOS-_TrakCare-v6.docx\" class=\"ab-button ab-button-shape-circular ab-button-size-small\" style=\"color:#ffffff;background-color:#3373dc\">Descargar<\/a><\/div><\/td><\/tr><\/tbody><\/table><\/figure>\n<\/div>\n\n\n\n<div class=\"wp-block-column\" style=\"flex-basis:15%\"><\/div>\n<\/div>\n<\/div><\/details><\/div>\n\n\n\n<div style=\"height:50px\" aria-hidden=\"true\" class=\"wp-block-spacer\"><\/div>\n\n\n\n<div class=\"wp-block-columns\">\n<div class=\"wp-block-column\">\n<figure class=\"wp-block-image size-full\"><a href=\"https:\/\/www.hospitalbarrosluco.gob.cl\/dgti\/documento-crp\/\"><img loading=\"lazy\" width=\"300\" height=\"300\" src=\"https:\/\/www.hospitalbarrosluco.gob.cl\/dgti\/wp-content\/uploads\/2022\/05\/ForBotonFormCRP.png\" alt=\"\" class=\"wp-image-911\" srcset=\"https:\/\/www.hospitalbarrosluco.gob.cl\/dgti\/wp-content\/uploads\/2022\/05\/ForBotonFormCRP.png 300w, https:\/\/www.hospitalbarrosluco.gob.cl\/dgti\/wp-content\/uploads\/2022\/05\/ForBotonFormCRP-150x150.png 150w\" sizes=\"(max-width: 300px) 100vw, 300px\" \/><\/a><\/figure>\n<\/div>\n\n\n\n<div class=\"wp-block-column\">\n<figure class=\"wp-block-image size-full\"><a href=\"https:\/\/www.hospitalbarrosluco.gob.cl\/dgti\/almacenamiento-compartido-seguro\/\"><img loading=\"lazy\" width=\"300\" height=\"300\" src=\"https:\/\/www.hospitalbarrosluco.gob.cl\/dgti\/wp-content\/uploads\/2022\/05\/ForBotonFormACS.png\" alt=\"\" class=\"wp-image-913\" srcset=\"https:\/\/www.hospitalbarrosluco.gob.cl\/dgti\/wp-content\/uploads\/2022\/05\/ForBotonFormACS.png 300w, https:\/\/www.hospitalbarrosluco.gob.cl\/dgti\/wp-content\/uploads\/2022\/05\/ForBotonFormACS-150x150.png 150w\" sizes=\"(max-width: 300px) 100vw, 300px\" \/><\/a><\/figure>\n<\/div>\n\n\n\n<div class=\"wp-block-column\">\n<figure class=\"wp-block-image size-full\"><a href=\"https:\/\/www.hospitalbarrosluco.gob.cl\/dgti\/poder-simple-para-acceso-de-terceros-a-correo-electronico\/\"><img loading=\"lazy\" width=\"300\" height=\"300\" src=\"https:\/\/www.hospitalbarrosluco.gob.cl\/dgti\/wp-content\/uploads\/2022\/05\/ForBotonFormPDS.png\" alt=\"\" class=\"wp-image-914\" srcset=\"https:\/\/www.hospitalbarrosluco.gob.cl\/dgti\/wp-content\/uploads\/2022\/05\/ForBotonFormPDS.png 300w, https:\/\/www.hospitalbarrosluco.gob.cl\/dgti\/wp-content\/uploads\/2022\/05\/ForBotonFormPDS-150x150.png 150w\" sizes=\"(max-width: 300px) 100vw, 300px\" \/><\/a><\/figure>\n<\/div>\n<\/div>\n\n\n\n<p><\/p>\n","protected":false},"excerpt":{"rendered":"<p>Con este documento se realiza la solicitud de acceso a sistemas (internos o externos) y servicios (NUBE, WEBEX, Sistemas de informaci\u00f3n cl\u00ednicos) del HBLT. Debe ir la informaci\u00f3n de la jefatura y de quien solicita. Adem\u00e1s tendr\u00e1 que ser firmado por la jefatura de quien solicita as\u00ed como qui\u00e9n lo usar\u00e1 directamente. La grilla del [&hellip;]<\/p>\n","protected":false},"author":4,"featured_media":475,"parent":0,"menu_order":0,"comment_status":"closed","ping_status":"closed","template":"","meta":[],"featured_image_src":"https:\/\/www.hospitalbarrosluco.gob.cl\/dgti\/wp-content\/uploads\/2022\/04\/ForFotoCutTituloGuiasRa660x220px.png","featured_image_src_square":"https:\/\/www.hospitalbarrosluco.gob.cl\/dgti\/wp-content\/uploads\/2022\/04\/ForFotoCutTituloGuiasRa660x220px.png","_links":{"self":[{"href":"https:\/\/www.hospitalbarrosluco.gob.cl\/dgti\/wp-json\/wp\/v2\/pages\/896"}],"collection":[{"href":"https:\/\/www.hospitalbarrosluco.gob.cl\/dgti\/wp-json\/wp\/v2\/pages"}],"about":[{"href":"https:\/\/www.hospitalbarrosluco.gob.cl\/dgti\/wp-json\/wp\/v2\/types\/page"}],"author":[{"embeddable":true,"href":"https:\/\/www.hospitalbarrosluco.gob.cl\/dgti\/wp-json\/wp\/v2\/users\/4"}],"replies":[{"embeddable":true,"href":"https:\/\/www.hospitalbarrosluco.gob.cl\/dgti\/wp-json\/wp\/v2\/comments?post=896"}],"version-history":[{"count":106,"href":"https:\/\/www.hospitalbarrosluco.gob.cl\/dgti\/wp-json\/wp\/v2\/pages\/896\/revisions"}],"predecessor-version":[{"id":2539,"href":"https:\/\/www.hospitalbarrosluco.gob.cl\/dgti\/wp-json\/wp\/v2\/pages\/896\/revisions\/2539"}],"wp:featuredmedia":[{"embeddable":true,"href":"https:\/\/www.hospitalbarrosluco.gob.cl\/dgti\/wp-json\/wp\/v2\/media\/475"}],"wp:attachment":[{"href":"https:\/\/www.hospitalbarrosluco.gob.cl\/dgti\/wp-json\/wp\/v2\/media?parent=896"}],"curies":[{"name":"wp","href":"https:\/\/api.w.org\/{rel}","templated":true}]}}