{"id":906,"date":"2022-05-17T17:55:58","date_gmt":"2022-05-17T20:55:58","guid":{"rendered":"https:\/\/www.hospitalbarrosluco.gob.cl\/dgti\/?page_id=906"},"modified":"2024-06-25T11:52:40","modified_gmt":"2024-06-25T14:52:40","slug":"almacenamiento-compartido-seguro","status":"publish","type":"page","link":"https:\/\/www.hospitalbarrosluco.gob.cl\/dgti\/almacenamiento-compartido-seguro\/","title":{"rendered":"Almacenamiento compartido seguro"},"content":{"rendered":"\n<p>Debido a la importancia que desde siempre ha tenido la informaci\u00f3n en el HBLT y, por ende, su resguardo seguro, es que se crea el&nbsp;<strong>\u201cAlmacenamiento Compartido Seguro\u201d<\/strong>, o tambi\u00e9n, conocido como&nbsp;<strong>\u201cCarpetas Compartidas\u201d<\/strong>&nbsp;o&nbsp;<strong>\u201cNAS\u201d.<\/strong><br>Existe un formulario para la creaci\u00f3n de un nuevo Almacenamiento Compartido Seguro.<br>Para el acceso a una carpeta compartida se utiliza un formulario de \u201cControl de acceso a sistemas y servicios\u201d. Este formulario debe ser firmado (autorizado), por la Due\u00f1a(o) de la informaci\u00f3n contenida en la carpeta (jefa de servicio, departamento). Ya que debe autorizar el acceso a la informaci\u00f3n de su proceso (DGTI 04 POLITICA DE SEGURIDAD CLASIFICACION Y MANEJO DE LA INFORMACION V2 2021, 4. Responsables de la informaci\u00f3n).<\/p>\n\n\n\n<p class=\"has-text-align-center\">Haga clic en los botones para descargar los formularios con que se pide crear o acceder a una carpeta dentro de nuestro&nbsp;<strong>Almacenamiento compartido seguro.<\/strong><\/p>\n\n\n\n<div style=\"height:10px\" aria-hidden=\"true\" class=\"wp-block-spacer\"><\/div>\n\n\n\n<div style=\"text-align:center\" class=\"wp-block-atomic-blocks-ab-button ab-block-button\"><a href=\"https:\/\/www.hospitalbarrosluco.gob.cl\/dgti\/wp-content\/uploads\/2024\/04\/FORMULARIO_CREACION_CARPETA_NAS.docx\" class=\"ab-button ab-button-shape-rounded ab-button-size-medium\" style=\"color:#ffffff;background-color:#3373dc\">Descarga formulario para crear una carpeta<\/a><\/div>\n\n\n\n<div style=\"text-align:center\" class=\"wp-block-atomic-blocks-ab-button ab-block-button\"><a href=\"https:\/\/www.hospitalbarrosluco.gob.cl\/dgti\/wp-content\/uploads\/2024\/04\/CONTROL_ACCESOS_NAS-V2.docx\" class=\"ab-button ab-button-shape-rounded ab-button-size-medium\" style=\"color:#ffffff;background-color:#3373dc\">Descarga formulario para acceder a carpeta<\/a><\/div>\n\n\n\n<div style=\"text-align:center\" class=\"wp-block-atomic-blocks-ab-button ab-block-button\"><a href=\"https:\/\/www.hospitalbarrosluco.gob.cl\/dgti\/wp-content\/uploads\/2024\/04\/Plantilla-Masiva-accesos-NAS-vacia.xlsx\" class=\"ab-button ab-button-shape-rounded ab-button-size-medium\" style=\"color:#ffffff;background-color:#3373dc\">Descarga plantilla masiva en Excel<\/a><\/div>\n\n\n\n<div style=\"height:50px\" aria-hidden=\"true\" class=\"wp-block-spacer\"><\/div>\n\n\n\n<div class=\"wp-block-columns\">\n<div class=\"wp-block-column\">\n<figure class=\"wp-block-image size-full\"><a href=\"https:\/\/www.hospitalbarrosluco.gob.cl\/dgti\/documento-crp\/\"><img loading=\"lazy\" width=\"300\" height=\"300\" src=\"https:\/\/www.hospitalbarrosluco.gob.cl\/dgti\/wp-content\/uploads\/2022\/05\/ForBotonFormCRP.png\" alt=\"\" class=\"wp-image-911\" srcset=\"https:\/\/www.hospitalbarrosluco.gob.cl\/dgti\/wp-content\/uploads\/2022\/05\/ForBotonFormCRP.png 300w, https:\/\/www.hospitalbarrosluco.gob.cl\/dgti\/wp-content\/uploads\/2022\/05\/ForBotonFormCRP-150x150.png 150w\" sizes=\"(max-width: 300px) 100vw, 300px\" \/><\/a><\/figure>\n<\/div>\n\n\n\n<div class=\"wp-block-column\">\n<figure class=\"wp-block-image size-full\"><a href=\"https:\/\/www.hospitalbarrosluco.gob.cl\/dgti\/control-de-acceso-a-sistemas-y-servicios\/\"><img loading=\"lazy\" width=\"300\" height=\"300\" src=\"https:\/\/www.hospitalbarrosluco.gob.cl\/dgti\/wp-content\/uploads\/2022\/05\/ForBotonFormACC.png\" alt=\"\" class=\"wp-image-912\" srcset=\"https:\/\/www.hospitalbarrosluco.gob.cl\/dgti\/wp-content\/uploads\/2022\/05\/ForBotonFormACC.png 300w, https:\/\/www.hospitalbarrosluco.gob.cl\/dgti\/wp-content\/uploads\/2022\/05\/ForBotonFormACC-150x150.png 150w\" sizes=\"(max-width: 300px) 100vw, 300px\" \/><\/a><\/figure>\n<\/div>\n\n\n\n<div class=\"wp-block-column\">\n<figure class=\"wp-block-image size-full\"><a href=\"https:\/\/www.hospitalbarrosluco.gob.cl\/dgti\/poder-simple-para-acceso-de-terceros-a-correo-electronico\/\"><img loading=\"lazy\" width=\"300\" height=\"300\" src=\"https:\/\/www.hospitalbarrosluco.gob.cl\/dgti\/wp-content\/uploads\/2022\/05\/ForBotonFormPDS.png\" alt=\"\" class=\"wp-image-914\" srcset=\"https:\/\/www.hospitalbarrosluco.gob.cl\/dgti\/wp-content\/uploads\/2022\/05\/ForBotonFormPDS.png 300w, https:\/\/www.hospitalbarrosluco.gob.cl\/dgti\/wp-content\/uploads\/2022\/05\/ForBotonFormPDS-150x150.png 150w\" sizes=\"(max-width: 300px) 100vw, 300px\" \/><\/a><\/figure>\n<\/div>\n<\/div>\n","protected":false},"excerpt":{"rendered":"<p>Debido a la importancia que desde siempre ha tenido la informaci\u00f3n en el HBLT y, por ende, su resguardo seguro, es que se crea el&nbsp;\u201cAlmacenamiento Compartido Seguro\u201d, o tambi\u00e9n, conocido como&nbsp;\u201cCarpetas Compartidas\u201d&nbsp;o&nbsp;\u201cNAS\u201d.Existe un formulario para la creaci\u00f3n de un nuevo Almacenamiento Compartido Seguro.Para el acceso a una carpeta compartida se utiliza un formulario de \u201cControl [&hellip;]<\/p>\n","protected":false},"author":4,"featured_media":475,"parent":0,"menu_order":0,"comment_status":"closed","ping_status":"closed","template":"","meta":[],"featured_image_src":"https:\/\/www.hospitalbarrosluco.gob.cl\/dgti\/wp-content\/uploads\/2022\/04\/ForFotoCutTituloGuiasRa660x220px.png","featured_image_src_square":"https:\/\/www.hospitalbarrosluco.gob.cl\/dgti\/wp-content\/uploads\/2022\/04\/ForFotoCutTituloGuiasRa660x220px.png","_links":{"self":[{"href":"https:\/\/www.hospitalbarrosluco.gob.cl\/dgti\/wp-json\/wp\/v2\/pages\/906"}],"collection":[{"href":"https:\/\/www.hospitalbarrosluco.gob.cl\/dgti\/wp-json\/wp\/v2\/pages"}],"about":[{"href":"https:\/\/www.hospitalbarrosluco.gob.cl\/dgti\/wp-json\/wp\/v2\/types\/page"}],"author":[{"embeddable":true,"href":"https:\/\/www.hospitalbarrosluco.gob.cl\/dgti\/wp-json\/wp\/v2\/users\/4"}],"replies":[{"embeddable":true,"href":"https:\/\/www.hospitalbarrosluco.gob.cl\/dgti\/wp-json\/wp\/v2\/comments?post=906"}],"version-history":[{"count":16,"href":"https:\/\/www.hospitalbarrosluco.gob.cl\/dgti\/wp-json\/wp\/v2\/pages\/906\/revisions"}],"predecessor-version":[{"id":2435,"href":"https:\/\/www.hospitalbarrosluco.gob.cl\/dgti\/wp-json\/wp\/v2\/pages\/906\/revisions\/2435"}],"wp:featuredmedia":[{"embeddable":true,"href":"https:\/\/www.hospitalbarrosluco.gob.cl\/dgti\/wp-json\/wp\/v2\/media\/475"}],"wp:attachment":[{"href":"https:\/\/www.hospitalbarrosluco.gob.cl\/dgti\/wp-json\/wp\/v2\/media?parent=906"}],"curies":[{"name":"wp","href":"https:\/\/api.w.org\/{rel}","templated":true}]}}