{"id":908,"date":"2022-05-17T17:57:09","date_gmt":"2022-05-17T20:57:09","guid":{"rendered":"https:\/\/www.hospitalbarrosluco.gob.cl\/dgti\/?page_id=908"},"modified":"2022-12-22T16:06:14","modified_gmt":"2022-12-22T19:06:14","slug":"poder-simple-para-acceso-de-terceros-a-correo-electronico","status":"publish","type":"page","link":"https:\/\/www.hospitalbarrosluco.gob.cl\/dgti\/poder-simple-para-acceso-de-terceros-a-correo-electronico\/","title":{"rendered":"Poder Simple para acceso de terceros a correo electr\u00f3nico"},"content":{"rendered":"\n<p>Seg\u00fan la pol\u00edtica de seguridad de la informaci\u00f3n aprobada por el HBLT, DGTI 05 POLITICA DE USO DE CORREO ELECTRONICO V2 2021, 14. Acceso a Cuentas de Tercero Bajo Poder Pimple. Aplica ante la ausencia del titular de la cuenta de correo, bajo las siguientes directrices:<\/p>\n\n\n\n<p>\u2013 La firma es voluntaria y podr\u00e1 realizarse en cualquier momento.<br>\u2013 El propietario de la cuenta, podr\u00e1 solicitar en cualquier momento la anulaci\u00f3n de este poder simple.<br>\u2013 Para el caso de Ausencia (vacaciones, licencias m\u00e9dicas, d\u00edas sin goce de sueldo, entre otros) del titular de la cuenta, el acceso a \u00e9sta por terceros, podr\u00e1 realizarse \u00fanicamente bajo poder simple, otorgado por el titular de \u00e9sta a quien lo reemplaza subrogar\u00e1, autorizando expresamente el acceso a la informaci\u00f3n que contenga.<br>\u2013 El acceso de esta cuenta ser\u00e1 solamente para revisar la informaci\u00f3n contenida y, salvo excepciones indicadas en esta pol\u00edtica, podr\u00e1 usarse para env\u00edo de correo electr\u00f3nico a terceros, siempre identific\u00e1ndose con nombre completo, cargo que reemplaza o subroga, anexo y unidad organizacional, como pie de firma.<br>\u2013 El poder tendr\u00e1 vigencia indefinida, mientras no sea revocado y solo se har\u00e1 efectivo por el tiempo que se encuentre ausente el titular de la cuenta, al reintegrarse a sus labores podr\u00e1 solicitar el cambio de la contrase\u00f1a de \u00e9sta.<br>\u2013 Queda bajo responsabilidad de la jefatura directa solicitar la firma de este poder simple al titular de la cuenta.<\/p>\n\n\n\n<div class=\"wp-block-image\"><figure class=\"aligncenter size-full\"><img loading=\"lazy\" width=\"856\" height=\"804\" src=\"https:\/\/www.hospitalbarrosluco.gob.cl\/dgti\/wp-content\/uploads\/2022\/12\/llenado-poder-simple.png\" alt=\"\" class=\"wp-image-2166\" srcset=\"https:\/\/www.hospitalbarrosluco.gob.cl\/dgti\/wp-content\/uploads\/2022\/12\/llenado-poder-simple.png 856w, https:\/\/www.hospitalbarrosluco.gob.cl\/dgti\/wp-content\/uploads\/2022\/12\/llenado-poder-simple-300x282.png 300w, https:\/\/www.hospitalbarrosluco.gob.cl\/dgti\/wp-content\/uploads\/2022\/12\/llenado-poder-simple-768x721.png 768w, https:\/\/www.hospitalbarrosluco.gob.cl\/dgti\/wp-content\/uploads\/2022\/12\/llenado-poder-simple-660x620.png 660w\" sizes=\"(max-width: 856px) 100vw, 856px\" \/><\/figure><\/div>\n\n\n\n<div style=\"height:15px\" aria-hidden=\"true\" class=\"wp-block-spacer\"><\/div>\n\n\n\n<p class=\"has-text-align-center\">Haga clic en bot\u00f3n a continuaci\u00f3n para descargar el documento de Poder simple para gestionar con nosotros su requerimiento<strong>.<\/strong><\/p>\n\n\n\n<div style=\"text-align:center\" class=\"wp-block-atomic-blocks-ab-button ab-block-button\"><a href=\"https:\/\/www.hospitalbarrosluco.gob.cl\/dgti\/wp-content\/uploads\/2022\/05\/Poder-simple-ausencia-legal.docx\" class=\"ab-button ab-button-shape-rounded ab-button-size-medium\" style=\"color:#ffffff;background-color:#3373dc\">Descargar Poder simple<\/a><\/div>\n\n\n\n<div style=\"height:50px\" aria-hidden=\"true\" class=\"wp-block-spacer\"><\/div>\n\n\n\n<div class=\"wp-block-columns\">\n<div class=\"wp-block-column\">\n<figure class=\"wp-block-image size-full\"><a href=\"https:\/\/www.hospitalbarrosluco.gob.cl\/dgti\/documento-crp\/\"><img loading=\"lazy\" width=\"300\" height=\"300\" src=\"https:\/\/www.hospitalbarrosluco.gob.cl\/dgti\/wp-content\/uploads\/2022\/05\/ForBotonFormCRP.png\" alt=\"\" class=\"wp-image-911\" srcset=\"https:\/\/www.hospitalbarrosluco.gob.cl\/dgti\/wp-content\/uploads\/2022\/05\/ForBotonFormCRP.png 300w, https:\/\/www.hospitalbarrosluco.gob.cl\/dgti\/wp-content\/uploads\/2022\/05\/ForBotonFormCRP-150x150.png 150w\" sizes=\"(max-width: 300px) 100vw, 300px\" \/><\/a><\/figure>\n<\/div>\n\n\n\n<div class=\"wp-block-column\">\n<figure class=\"wp-block-image size-full\"><a href=\"https:\/\/www.hospitalbarrosluco.gob.cl\/dgti\/control-de-acceso-a-sistemas-y-servicios\/\"><img loading=\"lazy\" width=\"300\" height=\"300\" src=\"https:\/\/www.hospitalbarrosluco.gob.cl\/dgti\/wp-content\/uploads\/2022\/05\/ForBotonFormACC.png\" alt=\"\" class=\"wp-image-912\" srcset=\"https:\/\/www.hospitalbarrosluco.gob.cl\/dgti\/wp-content\/uploads\/2022\/05\/ForBotonFormACC.png 300w, https:\/\/www.hospitalbarrosluco.gob.cl\/dgti\/wp-content\/uploads\/2022\/05\/ForBotonFormACC-150x150.png 150w\" sizes=\"(max-width: 300px) 100vw, 300px\" \/><\/a><\/figure>\n<\/div>\n\n\n\n<div class=\"wp-block-column\">\n<figure class=\"wp-block-image size-full\"><a href=\"https:\/\/www.hospitalbarrosluco.gob.cl\/dgti\/almacenamiento-compartido-seguro\/\"><img loading=\"lazy\" width=\"300\" height=\"300\" src=\"https:\/\/www.hospitalbarrosluco.gob.cl\/dgti\/wp-content\/uploads\/2022\/05\/ForBotonFormACS.png\" alt=\"\" class=\"wp-image-913\" srcset=\"https:\/\/www.hospitalbarrosluco.gob.cl\/dgti\/wp-content\/uploads\/2022\/05\/ForBotonFormACS.png 300w, https:\/\/www.hospitalbarrosluco.gob.cl\/dgti\/wp-content\/uploads\/2022\/05\/ForBotonFormACS-150x150.png 150w\" sizes=\"(max-width: 300px) 100vw, 300px\" \/><\/a><\/figure>\n<\/div>\n<\/div>\n","protected":false},"excerpt":{"rendered":"<p>Seg\u00fan la pol\u00edtica de seguridad de la informaci\u00f3n aprobada por el HBLT, DGTI 05 POLITICA DE USO DE CORREO ELECTRONICO V2 2021, 14. Acceso a Cuentas de Tercero Bajo Poder Pimple. Aplica ante la ausencia del titular de la cuenta de correo, bajo las siguientes directrices: \u2013 La firma es voluntaria y podr\u00e1 realizarse en [&hellip;]<\/p>\n","protected":false},"author":4,"featured_media":475,"parent":0,"menu_order":0,"comment_status":"closed","ping_status":"closed","template":"","meta":[],"featured_image_src":"https:\/\/www.hospitalbarrosluco.gob.cl\/dgti\/wp-content\/uploads\/2022\/04\/ForFotoCutTituloGuiasRa660x220px.png","featured_image_src_square":"https:\/\/www.hospitalbarrosluco.gob.cl\/dgti\/wp-content\/uploads\/2022\/04\/ForFotoCutTituloGuiasRa660x220px.png","_links":{"self":[{"href":"https:\/\/www.hospitalbarrosluco.gob.cl\/dgti\/wp-json\/wp\/v2\/pages\/908"}],"collection":[{"href":"https:\/\/www.hospitalbarrosluco.gob.cl\/dgti\/wp-json\/wp\/v2\/pages"}],"about":[{"href":"https:\/\/www.hospitalbarrosluco.gob.cl\/dgti\/wp-json\/wp\/v2\/types\/page"}],"author":[{"embeddable":true,"href":"https:\/\/www.hospitalbarrosluco.gob.cl\/dgti\/wp-json\/wp\/v2\/users\/4"}],"replies":[{"embeddable":true,"href":"https:\/\/www.hospitalbarrosluco.gob.cl\/dgti\/wp-json\/wp\/v2\/comments?post=908"}],"version-history":[{"count":13,"href":"https:\/\/www.hospitalbarrosluco.gob.cl\/dgti\/wp-json\/wp\/v2\/pages\/908\/revisions"}],"predecessor-version":[{"id":2170,"href":"https:\/\/www.hospitalbarrosluco.gob.cl\/dgti\/wp-json\/wp\/v2\/pages\/908\/revisions\/2170"}],"wp:featuredmedia":[{"embeddable":true,"href":"https:\/\/www.hospitalbarrosluco.gob.cl\/dgti\/wp-json\/wp\/v2\/media\/475"}],"wp:attachment":[{"href":"https:\/\/www.hospitalbarrosluco.gob.cl\/dgti\/wp-json\/wp\/v2\/media?parent=908"}],"curies":[{"name":"wp","href":"https:\/\/api.w.org\/{rel}","templated":true}]}}